{"id":15049,"date":"2021-02-14T08:11:43","date_gmt":"2021-02-14T07:11:43","guid":{"rendered":"http:\/\/www.on4cn.be\/blog_radio\/?page_id=15049"},"modified":"2021-02-14T08:11:43","modified_gmt":"2021-02-14T07:11:43","slug":"envoyer-des-images-par-ft8","status":"publish","type":"page","link":"https:\/\/www.on4cn.be\/blog_radio\/envoyer-des-images-par-ft8\/","title":{"rendered":"Envoyer des images par FT8"},"content":{"rendered":"<p><center><strong><span style=\"color: #ff0000;\">Envoyer des images par FT8<\/span><\/strong><\/center><\/p>\n<p style=\"text-align: center;\"><img loading=\"lazy\" decoding=\"async\" width=\"400\" height=\"220\" src=\"https:\/\/on5vl.org\/wp-content\/uploads\/image-controller-vi.jpg\" class=\"aligncenter featured_image wp-post-image\" alt=\"Icom-7300\" \/><\/p>\n<p style=\"text-align: justify;\">D\u00e9j\u00e0 qu\u2019il existe le mode FT8-Call dont l\u2019utilisation est tr\u00e8s timide de ce c\u00f4t\u00e9-ci de l\u2019Atlantique, il y a maintenant une autre mani\u00e8re de faire du FT8 pour les plus hardis d\u2019entre nous, c\u2019est du<br \/>\n<b>\u00ab JT65-HF Image Controller \u00bb.<\/b><br \/>\nON5VL \u00e0 fait un article pour la configuration <a href=\"https:\/\/on5vl.org\/envoyer-images-ft8\/\" target=\"_blank\" rel=\"noopener noreferrer\"><span style=\"color: #ff0000;\"><b> ICI<\/b><\/span><\/a><\/p>\n","protected":false},"excerpt":{"rendered":"<p>Envoyer des images par FT8 D\u00e9j\u00e0 qu\u2019il existe le mode FT8-Call dont l\u2019utilisation est tr\u00e8s timide de ce c\u00f4t\u00e9-ci de l\u2019Atlantique, il y a maintenant une autre mani\u00e8re de faire du FT8 pour les plus hardis d\u2019entre nous, c\u2019est du \u00ab JT65-HF Image Controller \u00bb. ON5VL \u00e0 fait un article pour la configuration ICI<\/p>\n","protected":false},"author":1,"featured_media":0,"parent":0,"menu_order":0,"comment_status":"closed","ping_status":"closed","template":"","meta":{"footnotes":""},"class_list":["post-15049","page","type-page","status-publish","hentry"],"_links":{"self":[{"href":"https:\/\/www.on4cn.be\/blog_radio\/wp-json\/wp\/v2\/pages\/15049","targetHints":{"allow":["GET"]}}],"collection":[{"href":"https:\/\/www.on4cn.be\/blog_radio\/wp-json\/wp\/v2\/pages"}],"about":[{"href":"https:\/\/www.on4cn.be\/blog_radio\/wp-json\/wp\/v2\/types\/page"}],"author":[{"embeddable":true,"href":"https:\/\/www.on4cn.be\/blog_radio\/wp-json\/wp\/v2\/users\/1"}],"replies":[{"embeddable":true,"href":"https:\/\/www.on4cn.be\/blog_radio\/wp-json\/wp\/v2\/comments?post=15049"}],"version-history":[{"count":0,"href":"https:\/\/www.on4cn.be\/blog_radio\/wp-json\/wp\/v2\/pages\/15049\/revisions"}],"wp:attachment":[{"href":"https:\/\/www.on4cn.be\/blog_radio\/wp-json\/wp\/v2\/media?parent=15049"}],"curies":[{"name":"wp","href":"https:\/\/api.w.org\/{rel}","templated":true}]}}