{"id":15018,"date":"2021-02-12T16:30:58","date_gmt":"2021-02-12T15:30:58","guid":{"rendered":"http:\/\/www.on4cn.be\/blog_radio\/?page_id=15018"},"modified":"2021-02-13T07:57:53","modified_gmt":"2021-02-13T06:57:53","slug":"kenwood-ts-890s-avec-wsjt-x","status":"publish","type":"page","link":"https:\/\/www.on4cn.be\/blog_radio\/kenwood-ts-890s-avec-wsjt-x\/","title":{"rendered":"Kenwood TS-890S avec WSJT-X"},"content":{"rendered":"<article class=\"article\">\n<center><strong><span style=\"color: #ff0000;\"><\/p>\n<h3>Comment configurer Kenwood TS-890S avec WSJT-X pour le mode FT8<\/h3>\n<p><\/span><\/strong><\/center><\/p>\n<p><b>31\/12\/2020<\/b><\/p>\n<p style=\"text-align: center;\"><img loading=\"lazy\" decoding=\"async\" width=\"605\" height=\"150\" src=\"https:\/\/www.ft8.it\/wp-content\/uploads\/2020\/12\/ts890-ft8-guida.jpg\" class=\"aligncenter featured_image wp-post-image\" alt=\"\" \/><\/p>\n<p>Nous vous proposons l&rsquo;excellent guide PDF cr\u00e9\u00e9 par <a href=\"http:\/\/ik4rvg.altervista.org\/\" target=\"_blank\" rel=\"noopener\"><strong>IK4RVG Sandro<\/strong><\/a> sur la fa\u00e7on de configurer le<br \/>\n<a href=\"https:\/\/amzn.to\/2Jw69Vo\" target=\"_blank\" rel=\"noopener\"><strong>Kenwood TS-890S<\/strong><\/a> avec le logiciel WSJT-X pour fonctionner en <strong> mode FT8 <\/strong>.<br \/>\nLe Kenwood TS-890S est \u00e9quip\u00e9 d&rsquo;un connecteur USB (B) pour \u00e9changer \u00e0 la fois les signaux audio et les commandes de contr\u00f4le CAT via un PC. Par cons\u00e9quent, pour <strong> transmettre en<br \/>\nFT8 <\/strong>, connectez simplement votre radio \u00e0 un PC \u00e0 l&rsquo;aide d&rsquo;un c\u00e2ble USB normal et <strong> configurez le logiciel WSJT-X <\/strong> comme indiqu\u00e9 dans le guide.<\/p>\n<p style=\"text-align: center;\"><a href=\"https:\/\/www.ft8.it\/images\/kenwood-ts890-settaggi-ft8.pdf\" target=\"_blank\" rel=\"noopener\">SCARICA LA GUIDA PER IL KENWOOD TS-890S<img loading=\"lazy\" decoding=\"async\" class=\"alignce\nnter size-full wp-image-543\" src=\"https:\/\/www.ft8.it\/wp-content\/uploads\/2019\/10\/240_F_29501426_rN3xLgDC75LySggNploeljOzFZUbMuW3.jpg\" alt=\"\" width=\"200\" height=\"80\" srcset=\"https:\/\/www.ft8.it\/wp-content\/uploads\/2019\/10\/240_F_29501426_rN3xLgDC75LySggNploeljOzFZUbMuW3.jpg 721w, https:\/\/www.ft8.it\/wp-content\/uploads\/2019\/10\/240_F_29501426_rN3xLgDC75LySggNploeljOzFZUbMuW3-300x100.jpg 300w\" sizes=\"auto, (max-width: 721px) 100vw, 721px\" \/><\/a><\/p>\n<p>Info de la Source Publi\u00e9 <a href=\"https:\/\/www.ft8.it\/\" target=\"_blank\" rel=\"noopener noreferrer\"><b><span style=\"color: #ff0000;\"> * ICI<\/span><\/b><\/a><\/p>\n<\/article>\n","protected":false},"excerpt":{"rendered":"<p>Comment configurer Kenwood TS-890S avec WSJT-X pour le mode FT8 31\/12\/2020 Nous vous proposons l&rsquo;excellent guide PDF cr\u00e9\u00e9 par IK4RVG Sandro sur la fa\u00e7on de configurer le Kenwood TS-890S avec le logiciel WSJT-X pour fonctionner en mode FT8 . Le Kenwood TS-890S est \u00e9quip\u00e9 d&rsquo;un connecteur USB (B) pour \u00e9changer \u00e0 la fois les signaux &hellip; <a href=\"https:\/\/www.on4cn.be\/blog_radio\/kenwood-ts-890s-avec-wsjt-x\/\" class=\"more-link\">Continuer la lecture<span class=\"screen-reader-text\"> de &laquo;&nbsp;Kenwood TS-890S avec WSJT-X&nbsp;&raquo;<\/span><\/a><\/p>\n","protected":false},"author":1,"featured_media":0,"parent":0,"menu_order":0,"comment_status":"closed","ping_status":"closed","template":"","meta":{"footnotes":""},"class_list":["post-15018","page","type-page","status-publish","hentry"],"_links":{"self":[{"href":"https:\/\/www.on4cn.be\/blog_radio\/wp-json\/wp\/v2\/pages\/15018","targetHints":{"allow":["GET"]}}],"collection":[{"href":"https:\/\/www.on4cn.be\/blog_radio\/wp-json\/wp\/v2\/pages"}],"about":[{"href":"https:\/\/www.on4cn.be\/blog_radio\/wp-json\/wp\/v2\/types\/page"}],"author":[{"embeddable":true,"href":"https:\/\/www.on4cn.be\/blog_radio\/wp-json\/wp\/v2\/users\/1"}],"replies":[{"embeddable":true,"href":"https:\/\/www.on4cn.be\/blog_radio\/wp-json\/wp\/v2\/comments?post=15018"}],"version-history":[{"count":0,"href":"https:\/\/www.on4cn.be\/blog_radio\/wp-json\/wp\/v2\/pages\/15018\/revisions"}],"wp:attachment":[{"href":"https:\/\/www.on4cn.be\/blog_radio\/wp-json\/wp\/v2\/media?parent=15018"}],"curies":[{"name":"wp","href":"https:\/\/api.w.org\/{rel}","templated":true}]}}