{"id":731,"date":"2016-02-28T10:16:01","date_gmt":"2016-02-28T09:16:01","guid":{"rendered":"http:\/\/www.on4cn.be\/blog_ot4n\/?page_id=731"},"modified":"2016-02-29T13:57:25","modified_gmt":"2016-02-29T12:57:25","slug":"mon-village-warquignies","status":"publish","type":"page","link":"https:\/\/www.on4cn.be\/blog_ot4n\/mon-village-warquignies\/","title":{"rendered":"Mon village Warquignies"},"content":{"rendered":"<table width=\"100%\">\n<tbody>\n<tr>\n<td><a href=\"http:\/\/www.warquignies.com4.ws\"> <img loading=\"lazy\" decoding=\"async\" class=\"alignleft size-medium wp-image-737\" src=\"http:\/\/www.on4cn.be\/blog_ot4n\/wp-content\/uploads\/2016\/02\/eglise-300x225.jpg\" alt=\"eglise\" width=\"300\" height=\"225\" srcset=\"https:\/\/www.on4cn.be\/blog_ot4n\/wp-content\/uploads\/2016\/02\/eglise-300x225.jpg 300w, https:\/\/www.on4cn.be\/blog_ot4n\/wp-content\/uploads\/2016\/02\/eglise.jpg 500w\" sizes=\"(max-width: 300px) 100vw, 300px\" \/><\/a><br \/>\nUne description de notre village, de ses commerces et de ses activit\u00e9s. Pages consacr\u00e9es au Sabbat des Sorci\u00e8res, f\u00eate populaire et importante.<\/td>\n<\/tr>\n<\/tbody>\n<\/table>\n<table width=\"100%\">\n<tbody>\n<tr>\n<td><strong><span style=\"color: #ff0000;\">Mon Village Warquignies<\/span><\/strong><\/td>\n<\/tr>\n<tr>\n<td style=\"text-align: left;\"><img loading=\"lazy\" decoding=\"async\" class=\"alignright size-full wp-image-741\" src=\"http:\/\/www.on4cn.be\/blog_ot4n\/wp-content\/uploads\/2016\/02\/warquignies0.jpg\" alt=\"warquignies0\" width=\"300\" height=\"225\" \/><br \/>\nAux origines D\u2019autres eurent l\u2019id\u00e9e de cr\u00e9er une festivit\u00e9 consacr\u00e9e aux sorci\u00e8res, comme \u00e0 Ellezelles, puisque Warquignies \u00e9tait aussi un village \u00ab\u00e0 sorci\u00e8res\u00bb. Michel Harvengt et Michel Vray, deux conseillers communaux de Warquignies au sein du conseil communal de colfontaine, prirent l\u2019id\u00e9e en marche. Ils r\u00e9unirent un groupe d\u2019amis, du villages, et c\u2019est ainsi que le premier sabbat des sorci\u00e8res de Warquignies eut lieu le samedi 12 septembre 1977.Les bases du sabbat \u00e9taient jet\u00e9es. Un cort\u00e8ge de tracteurs d\u00e9cor\u00e9s, des jeunes d\u00e9guis\u00e9s en sorci\u00e8res, des villageois d\u00e9guis\u00e9s en cur\u00e9, en gendarme, en bourgeois\u2026 suivaient le cort\u00e8ge.En fin de journ\u00e9e, ce dernier pr\u00e9c\u00e9d\u00e9 des musiciens de la fanfare de Warquignies, qui n\u2019existait qu\u2019a cette occasion, arrivait \u00e0 l\u2019\u00e9cole du village et un spectacle \u00e9tait donn\u00e9 a tous. Apr\u00e8s ce dernier, cochonnailles et moinettes r\u00e9confortaient les spectateurs. Ce spectacle a vari\u00e9 avec les ann\u00e9es. Des troupes sont venues interpr\u00e9ter des pi\u00e8ces. D\u2019autre fois les membres du comit\u00e9, en amateurs, composaient eux m\u00eame le spectacle.En 1986 eut lieu le dernier des sabbat de la premi\u00e8re g\u00e9n\u00e9ration. Le comit\u00e9 se trouva dissous<\/td>\n<\/tr>\n<\/tbody>\n<\/table>\n<table width=\"100%\">\n<tbody>\n<tr>\n<td><strong><span style=\"color: #ff0000;\">La renaissance<\/span><\/strong><\/td>\n<\/tr>\n<tr>\n<td style=\"text-align: left;\"><img loading=\"lazy\" decoding=\"async\" class=\"alignleft size-full wp-image-745\" src=\"http:\/\/www.on4cn.be\/blog_ot4n\/wp-content\/uploads\/2016\/02\/avoca.jpg\" alt=\"avoca\" width=\"300\" height=\"253\" \/><br \/>\nEn 1992, patrick Pi\u00e9rart et Alain Boehm relanc\u00e8rent un appel. Les anciens membres ont aussit\u00f4t rejoint le nouveau comit\u00e9 : Jean-Pierre Bertiaux, Marie Claire, Jacky Cosaro et Dominique Cosaro, suivis de nombreux amis. Depuis 1998, le comit\u00e9 a commenc\u00e9 \u00e0 se renouveler. De nombreux jeunes et d\u2019autres adultes l\u2019ont rejoint. Tous participent \u00e0 tous les niveaux, de la d\u00e9cision \u00e0 la mise en \u0153uvre. Les membres esp\u00e8rent qu\u2019un nombre plus grand encore viendra, pour pr\u00e9parer la rel\u00e8ve.<\/td>\n<\/tr>\n<\/tbody>\n<\/table>\n<table width=\"100%\">\n<tbody>\n<tr>\n<td style=\"text-align: left;\"><img loading=\"lazy\" decoding=\"async\" class=\"alignright size-full wp-image-750\" src=\"http:\/\/www.on4cn.be\/blog_ot4n\/wp-content\/uploads\/2016\/02\/geant.jpg\" alt=\"geant\" width=\"300\" height=\"565\" \/><br \/>\nEn 1999, de nombreux changements ont eut lieu au sein du comit\u00e9 : l\u2019accession de beaucoup de nouveaux membres aux postes de responsabilit\u00e9 a commenc\u00e9,c\u2019\u00e9tait la pr\u00e9paration de la rel\u00e8ve. Apr\u00e8s l\u2019\u00e9valuation de l\u2019\u00e9dition achev\u00e9e,le comit\u00e9 pr\u00e9pare le programme. En outre, il organisera un souper de retrouvailles,pour tous ceux qui ont travaill\u00e9s,pour leurs amis et pour les gens du village.<br \/>\nPour l\u2019ann\u00e9e 2000, que peut-on-dire ? Le sabbat cette ann\u00e9e se d\u00e9roulera les 15 et 16 septembre. Le programme en est devebu classique. Le vendredi,tout le monde part \u00e0 la recherche d\u2019indices qui permettraient d\u2019arr\u00eater Marie-Rose la sorci\u00e8re.<br \/>\nC\u2019est jeu de nuit.<br \/>\nLe samedi matin ,les enfants peuvent participer gratuitement au jeu \u00ab la chasse \u00e0 la sorci\u00e8re \u00bb. Plus courageux que leurs parents, ils vont chasser l\u2019inf\u00e2me sorci\u00e8re. Le samedi \u00e0 midi a lieu la cl\u00f4ture du concours de d\u00e9coration de fa\u00e7ades.<br \/>\nLe jugement qui n\u2019a lieu qu\u2019a 20h30, est interpr\u00e9t\u00e9 par des membres du comit\u00e9, tous amateurs. La sorci\u00e8res est bien \u00e9videment br\u00fbl\u00e9e.<br \/>\n<span style=\"color: red;\"><b>La moinette. <\/b><\/span><br \/>\nLe sabbat des sorci\u00e8res de Warquignies a choisi d\u00e8s le d\u00e9but une bi\u00e8re qui serait <b>\u00abla bi\u00e8re du sabbat\u00bb<\/b>.<br \/>\nIl a opt\u00e9 pour la Moinette ,fabriqu\u00e9e \u00e0 Leuze. Il a ainsi introduit ce d\u00e9licieux breuvage et l\u2019 a fait appr\u00e9cier par un plus grand nombre dans la r\u00e9gion.<\/td>\n<\/tr>\n<\/tbody>\n<\/table>\n<table width=\"100%\">\n<tbody>\n<tr>\n<td><strong><span style=\"color: #ff0000;\">On arr\u00eate Marie-Rose<\/span><\/strong><\/p>\n<p style=\"text-align: left;\"><img loading=\"lazy\" decoding=\"async\" class=\"alignleft size-full wp-image-754\" src=\"http:\/\/www.on4cn.be\/blog_ot4n\/wp-content\/uploads\/2016\/02\/celine.jpg\" alt=\"celine\" width=\"350\" height=\"452\" srcset=\"https:\/\/www.on4cn.be\/blog_ot4n\/wp-content\/uploads\/2016\/02\/celine.jpg 350w, https:\/\/www.on4cn.be\/blog_ot4n\/wp-content\/uploads\/2016\/02\/celine-232x300.jpg 232w\" sizes=\"(max-width: 350px) 100vw, 350px\" \/><br \/>\nLa meilleure police du royaume est celle du village de Warquignies . Cette police seigneuriale est, dans le monde la seule qui peut pr\u00e9dire, avec plusieurs mois d\u2019avance, le jour et l\u2019heure exacts de la signature du mandat d\u2019arr\u00eat et de l\u2019arrestation d\u2019un suspect. Le fameux mandat d\u2019arr\u00eat est sign\u00e9 par le bourgmestre ou son repr\u00e9sentant \u00e0 midi tapante, et les gardes suivis du juge, de l\u2019inquisiteur, du bourreau, de l\u2019avocat et du cur\u00e9 s\u2019en vont \u00e0 16h15 ou la rencontre \u00e0 cette m\u00eame heure sur la place de Warquignies. Comme cette sorci\u00e8re est disciplin\u00e9e, elle a attendu les gendarmes chez elle.<br \/>\nA la fin du cort\u00e8ge, on trouve Marie Rose escort\u00e9e par ses gardes et suivis des personnages du jugement. Le parcour est constitu\u00e9 de deux boucles, une sur Warquignies, l\u2019autre sur petit-hornu. Pendant le trajet, il y a cinq arr\u00eats ou les enfants danse pour le public. On vend aussi le fameux ap\u00e9ritif des sorci\u00e8res.<br \/>\n<span style=\"color: red;\"><b>On pourm\u00e8ne Marie-Rose<\/b><\/span>.<br \/>\nA 16h30,un cort\u00e8ge d\u00e9marre. Des chars, tir\u00e9s par des tracteurs, sont promen\u00e9s dans le village. Les chars sont d\u00e9cor\u00e9s par diverses personnes. Les diff\u00e9rents chars sont :<\/p>\n<ul>\n<li style=\"text-align: left;\"><b>Le char du ch\u00e2teau don bosco.<\/b><\/li>\n<li style=\"text-align: left;\"><b>Le char avec la sorci\u00e8re \u00e0 br\u00fbler.<\/b><\/li>\n<li style=\"text-align: left;\"><b>Le char du ravitaillement.<\/b><\/li>\n<li style=\"text-align: left;\"><b>Le char des petites sorci\u00e8res.<\/b><\/li>\n<li style=\"text-align: left;\"><b>Les petits chars de Louis et Richard.<\/b><\/li>\n<li style=\"text-align: left;\"><b>Les petit cuis-tax du ch\u00e2teau.<\/b><\/li>\n<\/ul>\n<\/td>\n<\/tr>\n<\/tbody>\n<\/table>\n<table width=\"100%\">\n<tbody>\n<tr>\n<td style=\"text-align: left;\"><strong><span style=\"color: #0000ff;\">On juge Marie-Rose.<\/span><\/strong><img loading=\"lazy\" decoding=\"async\" class=\"size-full wp-image-759 alignright\" src=\"http:\/\/www.on4cn.be\/blog_ot4n\/wp-content\/uploads\/2016\/02\/damien.jpg\" alt=\"damien\" width=\"350\" height=\"418\" srcset=\"https:\/\/www.on4cn.be\/blog_ot4n\/wp-content\/uploads\/2016\/02\/damien.jpg 350w, https:\/\/www.on4cn.be\/blog_ot4n\/wp-content\/uploads\/2016\/02\/damien-251x300.jpg 251w\" sizes=\"(max-width: 350px) 100vw, 350px\" \/><br \/>\nA la fin du cort\u00e8ge, on trouve Marie Rose escort\u00e9e par ses gardes et suivis des personnages du jugement. Le parcourt est constitu\u00e9 de deux boucles, une sur Warquignies, l\u2019autre sur petit-hornu. Pendant le trajet, il y a cinq arr\u00eats ou les enfants danse pour le public. On vend aussi le fameux ap\u00e9ritif des sorci\u00e8res. Le jugement est une pi\u00e8ce tragi-(mais surtout) comique en deux actes. Les danses des sorci\u00e8res constitue le premier acte. Apr\u00e8s cela, le public du tribunal prend place suivis de la cour<br \/>\nL\u2019inquisiteur prononce un acte d\u2019accusation terrible, et il est suivi par les r\u00e9action de l\u2019avocat et les t\u00e9moignage plus ou moins faux des t\u00e9moins.<br \/>\nBien entendu le prononc\u00e9 du verdict est toujours le m\u00eame, le b\u00fbch\u00e9.<br \/>\nLes textes sont dits en fran\u00e7ais par les officiels, en patois par les gens du peuple et en fran\u00e7ais \u00ab scr\u00e8p\u00e9 \u00bb par les \u00ab imblav\u00e9s \u00bb du village.<br \/>\n<span style=\"color: red;\"><b>Les personnages du jugements.<\/b><\/span><\/p>\n<ul>\n<li style=\"text-align: left;\"><b>Le juge.<\/b><\/li>\n<li><b>Le seigneur \u00ab Jean de Lusy \u00bb.<\/b><\/li>\n<li><b>Marie-Rose.<\/b><\/li>\n<li><b>L\u2019inquisiteur.<\/b><\/li>\n<li><b>L\u2019avocat.<\/b><\/li>\n<li><b>Le cur\u00e9.<\/b><\/li>\n<li><b>Les greffiers.<\/b><\/li>\n<li><b>Les t\u00e9moins.<\/b><\/li>\n<li><b>Les gardes.<\/b><\/li>\n<li><b>Le diable.<\/b><\/li>\n<\/ul>\n<\/td>\n<\/tr>\n<\/tbody>\n<\/table>\n<table width=\"100%\">\n<tbody>\n<tr>\n<td colspan=\"2\"><strong><span style=\"color: #0000ff;\">L&rsquo;\u00e9cole et Le Ch\u00e2teau<\/span><\/strong><\/td>\n<\/tr>\n<tr>\n<td style=\"text-align: left;\"><img loading=\"lazy\" decoding=\"async\" class=\"aligncenter size-full wp-image-763\" src=\"http:\/\/www.on4cn.be\/blog_ot4n\/wp-content\/uploads\/2016\/02\/ecole.jpg\" alt=\"ecole\" width=\"350\" height=\"218\" srcset=\"https:\/\/www.on4cn.be\/blog_ot4n\/wp-content\/uploads\/2016\/02\/ecole.jpg 350w, https:\/\/www.on4cn.be\/blog_ot4n\/wp-content\/uploads\/2016\/02\/ecole-300x187.jpg 300w\" sizes=\"(max-width: 350px) 100vw, 350px\" \/>L&rsquo;\u00e9cole. Form\u00e9 de quelques m\u00e9tairies, Warquignies se forma au cours du XII si\u00e8cle et sa d\u00e9nomination fut souvent sujette \u00e0 caution. En 1186, l\u2019on trouve WASTIGNIES ; en 1187, WATIGNIES ; En 1188, WATRIGNIES ; en 1189, WATREGNIES ; en 1766, WARCQUEGNIES, et en 1813 il s\u2019agira de Warkegnies, qui allait donner naissance \u00e0 sa d\u00e9nomination actuelle, Warcquegnies (en rouchi) et Warquignies.<\/td>\n<td style=\"text-align: left;\"><img loading=\"lazy\" decoding=\"async\" class=\"aligncenter size-full wp-image-764\" src=\"http:\/\/www.on4cn.be\/blog_ot4n\/wp-content\/uploads\/2016\/02\/warquignies1.jpg\" alt=\"Ch\u00e2teau\" width=\"350\" height=\"218\" \/>Le Ch\u00e2teau. En Fran\u00e7ais. La plus vieille forme de nom \u00e9tait aussi Wastignies, mot provenant du latin \u00ab Wastinium vaccaria \u00bb, synonyme d\u2019 \u00ab Eremus Desertun \u00bb ou des formes latines \u00ab Wasti \u00bb (P\u00e2turages) et Eugies (village). L\u2019on pourrait aussi avancer le nom de \u00ab Vaccaria \u00bb ou P\u00e2turages de brebis, ce qui constitue aussi une explication plausible quand l\u2019on sait que le borinage \u00e9tait jadis une \u00e9tendue p\u00e2tur\u00e9e.<\/td>\n<\/tr>\n<\/tbody>\n<\/table>\n<table width=\"100%\">\n<tbody>\n<tr>\n<td style=\"text-align: left;\"><strong><span style=\"color: #0000ff;\">Le Pav\u00e9 de Warquignies<\/span><\/strong><img loading=\"lazy\" decoding=\"async\" class=\"alignleft size-medium wp-image-769\" src=\"http:\/\/www.on4cn.be\/blog_ot4n\/wp-content\/uploads\/2016\/02\/warquignies02-300x225.jpg\" alt=\"warquignies02\" width=\"300\" height=\"225\" srcset=\"https:\/\/www.on4cn.be\/blog_ot4n\/wp-content\/uploads\/2016\/02\/warquignies02-300x225.jpg 300w, https:\/\/www.on4cn.be\/blog_ot4n\/wp-content\/uploads\/2016\/02\/warquignies02.jpg 500w\" sizes=\"(max-width: 300px) 100vw, 300px\" \/><br \/>\nSi jadis n\u2019a exist\u00e9 qu\u2019un chemin pav\u00e9 dans la commune il existe pourtant encore de nos jours, car les autres route sont b\u00e9tonn\u00e9es. Et pourtant ce fameux pav\u00e9 a son histoire\u2026\u2026.. Tout d\u00e9butat vers 1760\u2026\u2026 En ce temps l\u00e0, monsieur Jacques Philippe Cavenaille adressa \u00e0 sa majest\u00e9 l\u2019imp\u00e9ratrice douairi\u00e8re, reine apostolique, une supplique que nous reproduisions dans son texte original : \u00ab Bien qu\u2019estant \u00e9loign\u00e9 des kemins les plus proches (voyes de Dour et de Hornu), nous n\u2019avons point de kemin pav\u00e9. Les autres kemins sont impraticables en tout pendant huit mois de l\u2019ann\u00e9e. Faute de pouvoir doit arr\u00eater. C\u2019est la mis\u00e8re. Nos cultivateurs ne savent envoyer leur bl\u00e9 et le pain fait absence \u00bb. Les villages projettent de s\u2019associer pour construire un pav\u00e9 commen\u00e7ant au bout de celui construit par ceux d\u2019Hornu, \u00e0 travers le bois de Saint-Ghislain et rejoignant celui de dour. Sa longueur serait de 868 vergues. Le bourgmestre d\u00e9clare avoir fait part de la situation malheureuse des habitants aux \u00e9tats de la province d\u2019hainaut. La construction serait tr\u00e8s rapide ; le terrain est presque plat, les frais seraient tr\u00e8s minimes. Les \u00e9tats ont d\u00e9clar\u00e9 qu\u2019ils ne pouvaient s\u2019occuper d\u2019affaires d\u2019aussi peu d\u2019importance. En cons\u00e9quence, Sa majest\u00e9 l\u2019imp\u00e9ratrice Marie-Th\u00e9r\u00e8se agirait pour le bien public en permettant la construction du pav\u00e9 aux frais de l\u2019habitant et l\u2019application d\u2019un imp\u00f4t de deux liards \u00e0 chaque voiture, les engrais de terres et chevaux de labour et pour la moisson except\u00e9e. En outre, la commune serait autoris\u00e9e \u00e0 employer le sable se trouvant aux environs. Si finalement en 1877 ; ce pav\u00e9 fut construit, ce ne fut point sans emb\u00fbche de toutes sortes ; mais la bonne raison allait pourtant triompher.<\/td>\n<\/tr>\n<\/tbody>\n<\/table>\n<table width=\"100%\">\n<tbody>\n<tr>\n<td><img loading=\"lazy\" decoding=\"async\" class=\"alignleft size-medium wp-image-785\" src=\"http:\/\/www.on4cn.be\/blog_ot4n\/wp-content\/uploads\/2016\/02\/charbonnage-300x219.jpg\" alt=\"charbonnage\" width=\"300\" height=\"219\" \/><\/p>\n<p>Les houill\u00e8res de Warquignies-R\u00e9signies.Des origines \u00e0 1765 L\u2019extraction a d\u00fb commencer tr\u00e8s t\u00f4t \u00e0 Warquignies et \u00e0 R\u00e9signies car certaines veines y affleuraient. Certes ont mentionne les \u00ab carbeni\u00e8res \u00bb de r\u00e9signies au XIV si\u00e8cle, mais il est probable que l\u2019importance suffisante que prit Warquignies, un si\u00e8cle plus t\u00f4t, pour que l\u2019abbaye de Saint-Ghislain s\u2019en soit fait reconna\u00eetre la possession, d\u00e8s 1264, soit due pr\u00e9cis\u00e9ment \u00e0 un d\u00e9but d\u2019exploitation et \u00e0 la richesse pr\u00e9sum\u00e9e de son sous-sol. Le document le plus ancien qui concernes les houill\u00e8res de Warquignies date du 7 mai 1470. L\u2019original a disparu dans l\u2019incendie qui ravagea en en mai 1940 le d\u00e9p\u00f4t des archives de l\u2019\u00e9tat a Mons. Fort heureusement le texte int\u00e9gral en avait \u00e9t\u00e9 publi\u00e9 et son analyse nous permet de fournir quelque pr\u00e9cieuse indications. Rappelons d\u2019abord qu\u2019en 1470, \u00e0 c\u00f4t\u00e9 de R\u00e9signies, propri\u00e9t\u00e9 de l\u2019abbaye de Saint-Ghislain, deux seigneuries se partageaient Warquignies. L\u2019une ne comportant que des terres labourables, appartenait a la famille du Parcq, de Mons ; l\u2019autre, qui englobait tout le restant du territoire, d\u00e9pendait de Pierart Rogier, bourgeois et \u00e9chevins de Mons, seigneur haut-justicier. Nous avons vu qu\u2019en cette qualit\u00e9 il aurait du poss\u00e9der tout le sous-sol de la localit\u00e9. En fait, ce droit ne devait \u00eatre consacr\u00e9 qu\u2019a partir de 1534 par les chartes ou lois g\u00e9n\u00e9rale du HAINAUT. Ne nous \u00e9tonnons donc pas si comme on va le constater, le sous-sol du fief des du Parcq ne lui appartenait que pour moiti\u00e9. Il convient de savoir en outre que les charbonniers s\u2019assemblaient en petite associations en \u00ab bandes \u00bb, pour solliciter le droit d\u2019extraire le charbon et que une fois cette autorisation accord\u00e9e ils travaillaient eux-m\u00eames a l\u2019exploitation en se faisant aider le plus souvent par quelques ouvriers salari\u00e9s qui n\u2019avaient aucune part dans les b\u00e9n\u00e9fices.<\/p>\n<p><img loading=\"lazy\" decoding=\"async\" class=\"alignleft size-medium wp-image-764\" src=\"http:\/\/www.on4cn.be\/blog_ot4n\/wp-content\/uploads\/2016\/02\/warquignies1-300x192.jpg\" alt=\"Ch\u00e2teau\" width=\"300\" height=\"192\" srcset=\"https:\/\/www.on4cn.be\/blog_ot4n\/wp-content\/uploads\/2016\/02\/warquignies1-300x192.jpg 300w, https:\/\/www.on4cn.be\/blog_ot4n\/wp-content\/uploads\/2016\/02\/warquignies1.jpg 350w\" sizes=\"(max-width: 300px) 100vw, 300px\" \/><\/p>\n<p>Le ch\u00e2teau de Warquignies fut construit vers le XVI si\u00e8cle. Il a appartenu au Seigneur Degrouf d\u2019Erkelens.Quand il mourut, le ch\u00e2teau de Warquignies a appartenu \u00e0 la commune. Vers 1920, le ch\u00e2teau f\u00fbt mis en vente. Mais apr\u00e8s la guerre 1914-1918, le ch\u00e2teau fut un peu d\u00e9truit. Monsieur Fran\u00e7ois Quenon, d\u00e9cida de le racheter, et de le restaurer. Il en fit une brasserie. Derri\u00e8re la cour du ch\u00e2teau on peut voir un monticule surmont\u00e9 d\u2019une margelle en ma\u00e7onnerie. C\u2019est l\u2019ancienne glaci\u00e8re du ch\u00e2teau. Il y a un puit derri\u00e8re le ch\u00e2teau qui fait plusieurs m\u00e8tre de profondeur, et c\u2019est dans ce puit que le Seigneur Degrouf cachait ses biens de valeurs. Quelques ann\u00e9es apr\u00e8s le d\u00e9c\u00e8s de monsieur Fran\u00e7ois Quenon, le ch\u00e2teau f\u00fbt revendu.<br \/>\nActuellement, le propri\u00e9taire du ch\u00e2teau est monsieur Jacques Van Espen. Il habite \u00e0 l\u2019int\u00e9rieur du ch\u00e2teau. Vu de l\u2019ext\u00e9rieur, le ch\u00e2teau est devenu un b\u00e2timent non habitable, mais tout l\u2019int\u00e9rieur a \u00e9t\u00e9 r\u00e9nov\u00e9.<\/td>\n<\/tr>\n<\/tbody>\n<\/table>\n<table width=\"100%\">\n<tbody>\n<tr>\n<td colspan=\"3\">Quelques rue du Village<\/td>\n<\/tr>\n<tr>\n<td><a href=\"http:\/\/www.on4cn.be\/blog_ot4n\/wp-content\/uploads\/2016\/02\/village1.jpg\" target=\"_blank\"><img loading=\"lazy\" decoding=\"async\" class=\"aligncenter size-thumbnail wp-image-789\" src=\"http:\/\/www.on4cn.be\/blog_ot4n\/wp-content\/uploads\/2016\/02\/village1-150x150.jpg\" alt=\"village1\" width=\"150\" height=\"150\" srcset=\"https:\/\/www.on4cn.be\/blog_ot4n\/wp-content\/uploads\/2016\/02\/village1-150x150.jpg 150w, https:\/\/www.on4cn.be\/blog_ot4n\/wp-content\/uploads\/2016\/02\/village1-100x100.jpg 100w\" sizes=\"(max-width: 150px) 100vw, 150px\" \/><\/a><br \/>\nLa rue Baille Cariotte<\/td>\n<td><a href=\"http:\/\/www.on4cn.be\/blog_ot4n\/wp-content\/uploads\/2016\/02\/village2.jpg\" target=\"_blank\"><img loading=\"lazy\" decoding=\"async\" class=\"aligncenter size-thumbnail wp-image-791\" src=\"http:\/\/www.on4cn.be\/blog_ot4n\/wp-content\/uploads\/2016\/02\/village2-150x150.jpg\" alt=\"village2\" width=\"150\" height=\"150\" srcset=\"https:\/\/www.on4cn.be\/blog_ot4n\/wp-content\/uploads\/2016\/02\/village2-150x150.jpg 150w, https:\/\/www.on4cn.be\/blog_ot4n\/wp-content\/uploads\/2016\/02\/village2-100x100.jpg 100w\" sizes=\"(max-width: 150px) 100vw, 150px\" \/><\/a><br \/>\nEntr\u00e9e de La rue Baille Cariotte<\/td>\n<td><a href=\"http:\/\/www.on4cn.be\/blog_ot4n\/wp-content\/uploads\/2016\/02\/village3.jpg\" target=\"_blank\"><img loading=\"lazy\" decoding=\"async\" class=\"aligncenter size-thumbnail wp-image-792\" src=\"http:\/\/www.on4cn.be\/blog_ot4n\/wp-content\/uploads\/2016\/02\/village3-150x150.jpg\" alt=\"village3\" width=\"150\" height=\"150\" srcset=\"https:\/\/www.on4cn.be\/blog_ot4n\/wp-content\/uploads\/2016\/02\/village3-150x150.jpg 150w, https:\/\/www.on4cn.be\/blog_ot4n\/wp-content\/uploads\/2016\/02\/village3-100x100.jpg 100w\" sizes=\"(max-width: 150px) 100vw, 150px\" \/><\/a><br \/>\nLe milieu du Pav\u00e9 de Warquignies.<\/td>\n<\/tr>\n<\/tbody>\n<\/table>\n<table width=\"100%\">\n<tbody>\n<tr>\n<td><a class=\"more\" href=\"http:\/\/www.colfontaine.be\/index.php?option=com_content&amp;view=article&amp;id=695:le-sabbat-des-sorcieres-de-warquignies&amp;catid=4:actualites-generales&amp;Itemid=187\"><img loading=\"lazy\" decoding=\"async\" class=\"aligncenter size-thumbnail wp-image-798\" src=\"http:\/\/www.on4cn.be\/blog_ot4n\/wp-content\/uploads\/2016\/02\/sabbat-150x150.jpg\" alt=\"sabbat\" width=\"150\" height=\"150\" srcset=\"https:\/\/www.on4cn.be\/blog_ot4n\/wp-content\/uploads\/2016\/02\/sabbat-150x150.jpg 150w, https:\/\/www.on4cn.be\/blog_ot4n\/wp-content\/uploads\/2016\/02\/sabbat-100x100.jpg 100w, https:\/\/www.on4cn.be\/blog_ot4n\/wp-content\/uploads\/2016\/02\/sabbat-250x250.jpg 250w\" sizes=\"(max-width: 150px) 100vw, 150px\" \/><\/a><center><strong><span style=\"color: #0000ff;\">Site du Sabbat ICI&#8230;<\/span><\/strong><\/center><\/td>\n<td><a class=\"more\"href=\"http:\/\/www.colfontaine.be\/\"><img loading=\"lazy\" decoding=\"async\" class=\"aligncenter size-thumbnail wp-image-806\" src=\"http:\/\/www.on4cn.be\/blog_ot4n\/wp-content\/uploads\/2016\/02\/maison_communale_wasmes-150x150.jpg\" alt=\"maison_communale_wasmes\" width=\"150\" height=\"150\" srcset=\"https:\/\/www.on4cn.be\/blog_ot4n\/wp-content\/uploads\/2016\/02\/maison_communale_wasmes-150x150.jpg 150w, https:\/\/www.on4cn.be\/blog_ot4n\/wp-content\/uploads\/2016\/02\/maison_communale_wasmes-100x100.jpg 100w\" sizes=\"(max-width: 150px) 100vw, 150px\" \/><\/a><center><strong><span style=\"color: #0000ff;\">Commune de Colfontaine ICI&#8230;<\/span><\/strong><\/center><\/td>\n<\/tr>\n<\/tbody>\n<\/table>\n","protected":false},"excerpt":{"rendered":"<p>Une description de notre village, de ses commerces et de ses activit\u00e9s. Pages consacr\u00e9es au Sabbat des Sorci\u00e8res, f\u00eate populaire et importante. Mon Village Warquignies Aux origines D\u2019autres eurent l\u2019id\u00e9e de cr\u00e9er une festivit\u00e9 consacr\u00e9e aux sorci\u00e8res, comme \u00e0 Ellezelles, puisque Warquignies \u00e9tait aussi un village \u00ab\u00e0 sorci\u00e8res\u00bb. Michel Harvengt et Michel Vray, deux conseillers communaux de Warquignies au sein du conseil communal de colfontaine, prirent l\u2019id\u00e9e en marche. Ils r\u00e9unirent un groupe d\u2019amis, du villages, et c\u2019est ainsi que&#8230;<\/p>\n<p class=\"read-more\"><a class=\"btn btn-default\" href=\"https:\/\/www.on4cn.be\/blog_ot4n\/mon-village-warquignies\/\">Lire la suite<span class=\"screen-reader-text\"> Lire la suite<\/span><\/a><\/p>\n","protected":false},"author":1,"featured_media":0,"parent":0,"menu_order":0,"comment_status":"closed","ping_status":"closed","template":"","meta":{"footnotes":""},"_links":{"self":[{"href":"https:\/\/www.on4cn.be\/blog_ot4n\/wp-json\/wp\/v2\/pages\/731"}],"collection":[{"href":"https:\/\/www.on4cn.be\/blog_ot4n\/wp-json\/wp\/v2\/pages"}],"about":[{"href":"https:\/\/www.on4cn.be\/blog_ot4n\/wp-json\/wp\/v2\/types\/page"}],"author":[{"embeddable":true,"href":"https:\/\/www.on4cn.be\/blog_ot4n\/wp-json\/wp\/v2\/users\/1"}],"replies":[{"embeddable":true,"href":"https:\/\/www.on4cn.be\/blog_ot4n\/wp-json\/wp\/v2\/comments?post=731"}],"version-history":[{"count":67,"href":"https:\/\/www.on4cn.be\/blog_ot4n\/wp-json\/wp\/v2\/pages\/731\/revisions"}],"predecessor-version":[{"id":816,"href":"https:\/\/www.on4cn.be\/blog_ot4n\/wp-json\/wp\/v2\/pages\/731\/revisions\/816"}],"wp:attachment":[{"href":"https:\/\/www.on4cn.be\/blog_ot4n\/wp-json\/wp\/v2\/media?parent=731"}],"curies":[{"name":"wp","href":"https:\/\/api.w.org\/{rel}","templated":true}]}}