{"id":524,"date":"2016-02-26T15:44:03","date_gmt":"2016-02-26T14:44:03","guid":{"rendered":"http:\/\/www.on4cn.be\/blog_ot4n\/?page_id=524"},"modified":"2016-02-26T16:20:46","modified_gmt":"2016-02-26T15:20:46","slug":"la-peche-a-la-truite","status":"publish","type":"page","link":"https:\/\/www.on4cn.be\/blog_ot4n\/la-peche-a-la-truite\/","title":{"rendered":"La P\u00eache a la Truite"},"content":{"rendered":"<table width=\"100%\">\n<tbody>\n<tr>\n<td>La P\u00eache a la Truite<\/td>\n<\/tr>\n<tr>\n<td align=\"CENTER\" width=\"250\"><center><img loading=\"lazy\" decoding=\"async\" class=\"aligncenter size-full wp-image-530\" src=\"http:\/\/www.on4cn.be\/blog_ot4n\/wp-content\/uploads\/2016\/02\/danoise001.jpg\" alt=\"P\u00eache en rivi\u00e8re\" width=\"600\" height=\"400\" \/><\/center><\/td>\n<\/tr>\n<\/tbody>\n<\/table>\n<p>Je pratique \u00e9galement la p\u00eache a la ligne seulement la truite en bien s\u00fbr en rivi\u00e8re ces tellement agr\u00e9able de se retrouv\u00e9 en pleine nature et surtout aux calme j&rsquo;ai une rivi\u00e8re a quelques kilom\u00e8tre de chez moi qui ce nome La grande Honnelles qui ce trouve exactement \u00e0 Qui\u00e9vrain ou l&rsquo;ont remet que de la truite arc-en-ciel et la truite fario.<\/p>\n<table width=\"100%\">\n<tbody>\n<tr>\n<td align=\"CENTER\" width=\"250\"><center><img loading=\"lazy\" decoding=\"async\" class=\"aligncenter size-full wp-image-536\" src=\"http:\/\/www.on4cn.be\/blog_ot4n\/wp-content\/uploads\/2016\/02\/p010g.jpg\" alt=\"Claude\" width=\"600\" height=\"400\" \/><\/center><\/td>\n<\/tr>\n<\/tbody>\n<\/table>\n<p>Me voici au bord de cette grande Honnelles le parcours fait +\/- 1 kilom\u00e8tre est ces la soci\u00e9t\u00e9 la truite Danoise donc je fait partie cette p\u00eache priv\u00e9e ci on n&rsquo;est pas membre de la soci\u00e9t\u00e9.<\/p>\n<table width=\"100%\">\n<tbody>\n<tr>\n<td align=\"CENTER\" width=\"250\"><center><img loading=\"lazy\" decoding=\"async\" class=\"aligncenter size-full wp-image-540\" src=\"http:\/\/www.on4cn.be\/blog_ot4n\/wp-content\/uploads\/2016\/02\/p026g.jpg\" alt=\"Truite\" width=\"600\" height=\"400\" \/><\/center><\/td>\n<\/tr>\n<\/tbody>\n<\/table>\n<p>Ces truites ont entre 350 gr a 1 kilo et plus cela varie d&rsquo;un d\u00e9versement a l&rsquo;autre nous avons 12 d\u00e9versements sur la saison du 19 Mars ouverture de la p\u00eache a la fin qui est le 30 Septembre.<\/p>\n<table width=\"100%\">\n<tbody>\n<tr>\n<td align=\"CENTER\" width=\"250\"><center><img loading=\"lazy\" decoding=\"async\" class=\"aligncenter size-full wp-image-545\" src=\"http:\/\/www.on4cn.be\/blog_ot4n\/wp-content\/uploads\/2016\/02\/p015g.jpg\" alt=\"Autre vue Roland\" width=\"600\" height=\"400\" \/><\/center><\/td>\n<\/tr>\n<\/tbody>\n<\/table>\n<p>Une autre vue de la rivi\u00e8re ou l&rsquo;on peur voir mon ami Roland ON7KPU en action.<\/p>\n","protected":false},"excerpt":{"rendered":"<p>La P\u00eache a la Truite Je pratique \u00e9galement la p\u00eache a la ligne seulement la truite en bien s\u00fbr en rivi\u00e8re ces tellement agr\u00e9able de se retrouv\u00e9 en pleine nature et surtout aux calme j&rsquo;ai une rivi\u00e8re a quelques kilom\u00e8tre de chez moi qui ce nome La grande Honnelles qui ce trouve exactement \u00e0 Qui\u00e9vrain ou l&rsquo;ont remet que de la truite arc-en-ciel et la truite fario. Me voici au bord de cette grande Honnelles le parcours fait +\/- 1&#8230;<\/p>\n<p class=\"read-more\"><a class=\"btn btn-default\" href=\"https:\/\/www.on4cn.be\/blog_ot4n\/la-peche-a-la-truite\/\">Lire la suite<span class=\"screen-reader-text\"> Lire la suite<\/span><\/a><\/p>\n","protected":false},"author":1,"featured_media":0,"parent":0,"menu_order":0,"comment_status":"closed","ping_status":"closed","template":"","meta":{"footnotes":""},"_links":{"self":[{"href":"https:\/\/www.on4cn.be\/blog_ot4n\/wp-json\/wp\/v2\/pages\/524"}],"collection":[{"href":"https:\/\/www.on4cn.be\/blog_ot4n\/wp-json\/wp\/v2\/pages"}],"about":[{"href":"https:\/\/www.on4cn.be\/blog_ot4n\/wp-json\/wp\/v2\/types\/page"}],"author":[{"embeddable":true,"href":"https:\/\/www.on4cn.be\/blog_ot4n\/wp-json\/wp\/v2\/users\/1"}],"replies":[{"embeddable":true,"href":"https:\/\/www.on4cn.be\/blog_ot4n\/wp-json\/wp\/v2\/comments?post=524"}],"version-history":[{"count":13,"href":"https:\/\/www.on4cn.be\/blog_ot4n\/wp-json\/wp\/v2\/pages\/524\/revisions"}],"predecessor-version":[{"id":546,"href":"https:\/\/www.on4cn.be\/blog_ot4n\/wp-json\/wp\/v2\/pages\/524\/revisions\/546"}],"wp:attachment":[{"href":"https:\/\/www.on4cn.be\/blog_ot4n\/wp-json\/wp\/v2\/media?parent=524"}],"curies":[{"name":"wp","href":"https:\/\/api.w.org\/{rel}","templated":true}]}}