{"id":1311,"date":"2021-10-05T11:05:50","date_gmt":"2021-10-05T10:05:50","guid":{"rendered":"http:\/\/www.on4cn.be\/blog_ot4n\/?page_id=1311"},"modified":"2021-10-05T11:05:50","modified_gmt":"2021-10-05T10:05:50","slug":"salviac","status":"publish","type":"page","link":"https:\/\/www.on4cn.be\/blog_ot4n\/salviac\/","title":{"rendered":"Salviac"},"content":{"rendered":"<p>Les ma\u00e7onneries int\u00e9rieures ont \u00e9t\u00e9 restaur\u00e9es au cours des ann\u00e9es 1990, faisant alors le choix de laisser la pierre apparente. Diverses armoires liturgiques et placards muraux ont \u00e9t\u00e9 mis<br \/>\n\u00e0 jour dans les ann\u00e9es 2000 au cours de la restauration de la chapelle sud. Vandalis\u00e9s pendant la R\u00e9volution, les vitraux ont \u00e9t\u00e9 recompos\u00e9s en 1870 par un verrier improvis\u00e9, rendant<br \/>\ndifficile l\u2019identification des personnages, mais certains sont reconnaissables par leurs attributs (le Christ, Saint Eutrope, Saint Blaise). Les retables sont les t\u00e9moins de l\u2019\u00e2ge Baroque.<br \/>\nDu maitre-autel consacr\u00e9 \u00e0 Saint-Jacques ne subsistent que les trois statues monumentales de Saint Pierre et Saint Paul, repeintes au XIX\u00e8me si\u00e8cle, et celle de Saint Jacques dont la<br \/>\nrestauration en 2007 m\u00e9rite d\u2019\u00eatre relat\u00e9e : laur\u00e9ate du concours 2006 organis\u00e9 par le Commissariat \u00e0 l\u2019Energie Atomique (CEA) et l\u2019association des Maires de France, la municipalit\u00e9 de<br \/>\nSalviac s\u2019est vue offrir la restauration de la statue, b\u00e9n\u00e9ficiant d\u2019une technique unique en France, l\u2019exposition radioactive aux rayons gamma.<\/p>\n<p>Le saint, qui a retrouv\u00e9 sa place en 2007 avant l\u2019inauguration, mesure 1m95. Il est v\u00eatu en habits de p\u00e8lerin et tient dans sa main droite un bourdon de marcheur. Cette statue est<br \/>\nattribu\u00e9e, ainsi que le retable lat\u00e9ral nord, aux ateliers Tourni\u00e9 de Gourdon. Le d\u00e9cor peint n\u00e9ogothique, dont une partie a pu \u00eatre conserv\u00e9e, porte la signature du peintre italien<br \/>\nBertoletti \u00e0 qui la fabrique paroissiale de Salviac avait pass\u00e9 commande de peintures dans l\u2019int\u00e9gralit\u00e9 de l\u2019\u00e9glise en 1871. Ag\u00e9 de 19 ans seulement au d\u00e9but des travaux, le jeune peintre<br \/>\nmit trois ans pour mener \u00e0 bien le projet. Si la municipalit\u00e9 prit en main les travaux de restauration de l\u2019architecture, les paroissiens contribu\u00e8rent au renouvellement progressif du tr\u00e8s<br \/>\nimportant mobilier liturgique int\u00e9rieur : autels, chaire, tableaux, chemin de croix, vitraux. La vie d\u2019un tel \u00e9difice ne s\u2019arr\u00eate cependant pas \u00e0 la fin d\u2019un tel chantier. Des travaux<br \/>\nr\u00e9guliers de \u00ab strict entretien \u00bb sont r\u00e9guli\u00e8rement r\u00e9alis\u00e9s, et de plus importants comme actuellement la r\u00e9fection du contrefort Nord et la couverture partielle en lauzes.<\/p>\n<table width=\"100%\">\n<tbody>\n<tr>\n<td colspan=\"4\"><center><span style=\"color: #0000ff;\"><b>Salviac<\/b><\/span><\/center><\/td>\n<\/tr>\n<tr>\n<td colspan=\"4\"><center><a href=\"http:\/\/www.on4cn.be\/blog_ot4n\/wp-content\/uploads\/2021\/09\/DSCN1605.jpg\" target=\"_blank\" rel=\"noopener\"><img loading=\"lazy\" decoding=\"async\" class=\"aligncenter size-medium wp-image-1313\" src=\"http:\/\/www.on4cn.be\/blog_ot4n\/wp-content\/uploads\/2021\/09\/DSCN1605-300x225.jpg\" alt=\"DSCN1605-ON4CN\" width=\"300\" height=\"225\" srcset=\"https:\/\/www.on4cn.be\/blog_ot4n\/wp-content\/uploads\/2021\/09\/DSCN1605-300x225.jpg 300w, https:\/\/www.on4cn.be\/blog_ot4n\/wp-content\/uploads\/2021\/09\/DSCN1605-1024x768.jpg 1024w, https:\/\/www.on4cn.be\/blog_ot4n\/wp-content\/uploads\/2021\/09\/DSCN1605-768x576.jpg 768w, https:\/\/www.on4cn.be\/blog_ot4n\/wp-content\/uploads\/2021\/09\/DSCN1605-1536x1152.jpg 1536w, https:\/\/www.on4cn.be\/blog_ot4n\/wp-content\/uploads\/2021\/09\/DSCN1605-2048x1536.jpg 2048w, https:\/\/www.on4cn.be\/blog_ot4n\/wp-content\/uploads\/2021\/09\/DSCN1605-1130x848.jpg 1130w, https:\/\/www.on4cn.be\/blog_ot4n\/wp-content\/uploads\/2021\/09\/DSCN1605-760x570.jpg 760w\" sizes=\"(max-width: 300px) 100vw, 300px\" \/><\/a><\/center><\/td>\n<\/tr>\n<tr>\n<td colspan=\"4\"><center><b>Eglise St Jacques le Majeur<\/b><\/center><br \/>\nL\u2019\u00c9glise Saint-Jacques le Majeur. Les tr\u00e9sors de l\u2019\u00e9difice restaur\u00e9. En septembre 2007, l\u2019inauguration de l\u2019\u00e9glise Saint-jacques le Majeur marquait le terme d\u2019un chantier initi\u00e9 quinze ans<br \/>\nplus t\u00f4t. Celui-ci a profond\u00e9ment modifi\u00e9 l\u2019aspect int\u00e9rieur de cet \u00e9difice construit au XIII\u00e8me si\u00e8cle et class\u00e9 Monument Historique. Pr\u00e8s d\u2019un million d\u2019euros fut mobilis\u00e9 par la<br \/>\nmunicipalit\u00e9 de Salviac avec le concours de l\u2019association de sauvegarde de l\u2019\u00e9glise, de l\u2019Etat, du Conseil r\u00e9gional Midi-Pyr\u00e9n\u00e9es et du conseil g\u00e9n\u00e9ral du Lot.<\/p>\n<p>Savoir-faire traditionnels, technologies plus modernes ont permis de consolider les ma\u00e7onneries supportant le poids du clocher, de remettre en \u00e9tat les parements int\u00e9rieurs, de reprendre<br \/>\nles peintures murales, nettoyer et r\u00e9ajuster les fragments de vitraux, restaurer les retables, statues et tableaux. Salviac est une des seules \u00e9glises du Lot consacr\u00e9es au patron des<br \/>\np\u00e8lerins. A c\u00f4t\u00e9 de l\u2019itin\u00e9raire principal de Saint-Jacques de Compostelle qui part du Puy en Velay, Salviac devient une \u00e9tape du chemin secondaire menant \u00e0 Rocamadour Malmen\u00e9e et<br \/>\ntransform\u00e9e en \u00ab temple de la raison \u00bb pendant la R\u00e9volution, l\u2019\u00e9glise est dans un \u00e9tat d\u00e9plorable tout au long du XIX\u00e8me si\u00e8cle.<\/p>\n<p>Elle est cependant class\u00e9e parmi les Monuments historiques en 1913, point de d\u00e9part de presque un si\u00e8cle de restauration. Trapue, l\u2019\u00e9glise de Salviac est une des rares du Lot \u00e0 \u00eatre<br \/>\nrecouverte en lauzes calcaires. C\u2019est aussi la seule \u00e0 priori \u00e0 disposer d\u2019une charpente en b\u00e9ton arm\u00e9 pos\u00e9e en 1961-1962 pour tenter de rem\u00e9dier aux probl\u00e8mes suscit\u00e9s par la fragilit\u00e9 et<br \/>\nla perm\u00e9abilit\u00e9 des lauzes. De nombreuses dispositions \u00e9voquent l\u2019art gothique, ses murs \u00e9pais, son allure massive sont caract\u00e9ristiques du gothique du Midi. L\u2019\u00e9glise primitive \u00e9tait<br \/>\ncompos\u00e9e d\u2019un ch\u0153ur, d\u2019un faux transept bord\u00e9 de deux petites chapelles et d\u2019une grande nef \u00e0 trois trav\u00e9es. Furent rajout\u00e9s une grande chapelle carr\u00e9e au Nord, puis une seconde chapelle<br \/>\nau Sud, puis la chapelle Saint-Eutrope contre la fa\u00e7ade Sud de la nef, enfin une sacristie et une chapelle au milieu du XIX\u00e8me si\u00e8cle.<\/td>\n<\/tr>\n<tr>\n<td><a href=\"http:\/\/www.on4cn.be\/blog_ot4n\/wp-content\/uploads\/2021\/09\/DSCN1604.jpg\" target=\"_blank\" rel=\"noopener\"><img loading=\"lazy\" decoding=\"async\" class=\"aligncenter size-thumbnail wp-image-1316\" src=\"http:\/\/www.on4cn.be\/blog_ot4n\/wp-content\/uploads\/2021\/09\/DSCN1604-150x150.jpg\" alt=\"DSCN1604-ON4CN\" width=\"150\" height=\"150\" srcset=\"https:\/\/www.on4cn.be\/blog_ot4n\/wp-content\/uploads\/2021\/09\/DSCN1604-150x150.jpg 150w, https:\/\/www.on4cn.be\/blog_ot4n\/wp-content\/uploads\/2021\/09\/DSCN1604-100x100.jpg 100w\" sizes=\"(max-width: 150px) 100vw, 150px\" \/><\/a><\/td>\n<td><a href=\"http:\/\/www.on4cn.be\/blog_ot4n\/wp-content\/uploads\/2021\/09\/DSCN1603.jpg\" target=\"_blank\" rel=\"noopener\"><img loading=\"lazy\" decoding=\"async\" class=\"aligncenter size-thumbnail wp-image-1317\" src=\"http:\/\/www.on4cn.be\/blog_ot4n\/wp-content\/uploads\/2021\/09\/DSCN1603-150x150.jpg\" alt=\"DSCN1603-ON4CN\" width=\"150\" height=\"150\" srcset=\"https:\/\/www.on4cn.be\/blog_ot4n\/wp-content\/uploads\/2021\/09\/DSCN1603-150x150.jpg 150w, https:\/\/www.on4cn.be\/blog_ot4n\/wp-content\/uploads\/2021\/09\/DSCN1603-100x100.jpg 100w\" sizes=\"(max-width: 150px) 100vw, 150px\" \/><\/a><\/td>\n<td><a href=\"http:\/\/www.on4cn.be\/blog_ot4n\/wp-content\/uploads\/2021\/09\/DSCN1602.jpg\" target=\"_blank\" rel=\"noopener\"><img loading=\"lazy\" decoding=\"async\" class=\"aligncenter size-thumbnail wp-image-1318\" src=\"http:\/\/www.on4cn.be\/blog_ot4n\/wp-content\/uploads\/2021\/09\/DSCN1602-150x150.jpg\" alt=\"DSCN1602-ON4CN\" width=\"150\" height=\"150\" srcset=\"https:\/\/www.on4cn.be\/blog_ot4n\/wp-content\/uploads\/2021\/09\/DSCN1602-150x150.jpg 150w, https:\/\/www.on4cn.be\/blog_ot4n\/wp-content\/uploads\/2021\/09\/DSCN1602-100x100.jpg 100w\" sizes=\"(max-width: 150px) 100vw, 150px\" \/><\/a><\/td>\n<\/tr>\n<tr>\n<td colspan=\"4\"><center><strong>Cliquez sur une vignette pour agrandir la photo<\/strong><\/center><\/td>\n<\/tr>\n<\/tbody>\n<\/table>\n<p>&nbsp;<\/p>\n<p>&nbsp;<\/p>\n<table width=\"100%\">\n<tbody>\n<tr>\n<td colspan=\"4\"><center><span style=\"color: #0000ff;\"><b>Salviac Fontaine<\/b><\/span><\/center><\/td>\n<\/tr>\n<tr>\n<td colspan=\"4\"><center><strong>Cliquez sur une vignette pour agrandir la photo<\/strong><\/center><\/td>\n<\/tr>\n<tr>\n<td colspan=\"4\"><center><a href=\"http:\/\/www.on4cn.be\/blog_ot4n\/wp-content\/uploads\/2021\/09\/salviac-fontaine.jpg\" target=\"_blank\" rel=\"noopener\"><img loading=\"lazy\" decoding=\"async\" class=\"aligncenter size-medium wp-image-1319\" src=\"http:\/\/www.on4cn.be\/blog_ot4n\/wp-content\/uploads\/2021\/09\/salviac-fontaine-300x225.jpg\" alt=\"salviac-fontaine-ON4CN\" width=\"300\" height=\"225\" srcset=\"https:\/\/www.on4cn.be\/blog_ot4n\/wp-content\/uploads\/2021\/09\/salviac-fontaine-300x225.jpg 300w, https:\/\/www.on4cn.be\/blog_ot4n\/wp-content\/uploads\/2021\/09\/salviac-fontaine-1024x768.jpg 1024w, https:\/\/www.on4cn.be\/blog_ot4n\/wp-content\/uploads\/2021\/09\/salviac-fontaine-768x576.jpg 768w, https:\/\/www.on4cn.be\/blog_ot4n\/wp-content\/uploads\/2021\/09\/salviac-fontaine-1536x1152.jpg 1536w, https:\/\/www.on4cn.be\/blog_ot4n\/wp-content\/uploads\/2021\/09\/salviac-fontaine-2048x1536.jpg 2048w, https:\/\/www.on4cn.be\/blog_ot4n\/wp-content\/uploads\/2021\/09\/salviac-fontaine-1130x848.jpg 1130w, https:\/\/www.on4cn.be\/blog_ot4n\/wp-content\/uploads\/2021\/09\/salviac-fontaine-760x570.jpg 760w\" sizes=\"(max-width: 300px) 100vw, 300px\" \/><\/a><\/center><\/td>\n<\/tr>\n<tr>\n<td colspan=\"4\">Cette Fontaine\u00e0 margelle est dat\u00e9e du 19\u00e8me si\u00e8cle. La fontaine repr\u00e9sentait un v\u00e9ritable lien social. Elle \u00e9tait un lieu de rassemblement de la population, surtout<br \/>\nles femmes, qui y venaientplusieurs fois par jour recueillir l&rsquo;eau. L&rsquo;abreuvoir attenant qui servait aux animaux rentrant dans le village a disparu aujourd&rsquo;hui. Sur la place foirail,<br \/>\ntous les 20 du mois \u00e9tait organis\u00e9 un grand rassemblement, jusqu&rsquo;en 1960. Ovins et bovinsainsi que volailles et cheveaux se vendaint sur la place su march\u00e9, juste \u00e0 c\u00f4t\u00e9.<br \/>\nCette olace f\u00fbt remodel\u00e9e entre les deux guerres mondiales. La rue basse \u00e9tait le lieu de l&rsquo;h\u00f4pitale.<\/td>\n<\/tr>\n<\/tbody>\n<\/table>\n<p>&nbsp;<\/p>\n<p>&nbsp;<\/p>\n<table width=\"100%\">\n<tbody>\n<tr>\n<td colspan=\"4\"><center><span style=\"color: #0000ff;\"><b>Salviac Le Ch\u00e2teau de Lacoste<\/b><\/span><\/center><\/td>\n<\/tr>\n<tr>\n<td colspan=\"4\"><center><strong>Cliquez sur une vignette pour agrandir la photo<\/strong><\/center><\/td>\n<\/tr>\n<tr>\n<td colspan=\"4\"><center><a href=\"http:\/\/www.on4cn.be\/blog_ot4n\/wp-content\/uploads\/2021\/09\/salviac-02.jpg\" target=\"_blank\" rel=\"noopener\"><img loading=\"lazy\" decoding=\"async\" class=\"aligncenter size-medium wp-image-1320\" src=\"http:\/\/www.on4cn.be\/blog_ot4n\/wp-content\/uploads\/2021\/09\/salviac-02-300x188.jpg\" alt=\"salviac-02-ON4CN\" width=\"300\" height=\"188\" srcset=\"https:\/\/www.on4cn.be\/blog_ot4n\/wp-content\/uploads\/2021\/09\/salviac-02-300x188.jpg 300w, https:\/\/www.on4cn.be\/blog_ot4n\/wp-content\/uploads\/2021\/09\/salviac-02.jpg 640w\" sizes=\"(max-width: 300px) 100vw, 300px\" \/><\/a><\/center><\/td>\n<\/tr>\n<tr>\n<td colspan=\"4\">Le ch\u00e2teau de Lacoste est une propri\u00e9t\u00e9 priv\u00e9d. Ce ch\u00e2teau sevait de \u00ab\u00a0repaire\u00a0\u00bb et de protection aux p\u00e8lerins de St Jacques de Compostelles. Afin de p\u00e9n\u00e9trer dans l&rsquo;enceinte<br \/>\ndu ch\u00e2teau, il faut passer un grand portail de bois, portant un heurtoir en forme de main. Au sommet, un blason sculpt\u00e9 dans la pierre repr\u00e9sente une fleur de lys, symbole de la royaut\u00e9.<br \/>\nSur le ch\u00e2teau, il y a une tour carr\u00e9equi \u00e9tait un donjon d\u00e9fensif au 13\u00e8me si\u00e8cle, o\u00f9 les moines pouvaient se recueillir. l&rsquo;ensemble des b\u00e2timents est mis en valeur par un jardin int\u00e9rieur<br \/>\naux arbres s\u00e9culaires. L&rsquo;ancien village m\u00e9di\u00e9val entourait le ch\u00e2teau Lacoste, qui en \u00e9tait le centre.<\/td>\n<\/tr>\n<\/tbody>\n<\/table>\n<p>&nbsp;<\/p>\n<p>&nbsp;<\/p>\n<table width=\"100%\">\n<tbody>\n<tr>\n<td colspan=\"4\"><center><span style=\"color: #0000ff;\"><b>Salviac Le Lavoir<\/b><\/span><\/center><\/td>\n<\/tr>\n<tr>\n<td colspan=\"4\"><center><strong>Cliquez sur une vignette pour agrandir la photo<\/strong><\/center><\/td>\n<\/tr>\n<tr>\n<td colspan=\"4\"><center><a href=\"http:\/\/www.on4cn.be\/blog_ot4n\/wp-content\/uploads\/2021\/09\/salviac-lavoir.jpg\" target=\"_blank\" rel=\"noopener\"><img loading=\"lazy\" decoding=\"async\" class=\"aligncenter size-medium wp-image-1321\" src=\"http:\/\/www.on4cn.be\/blog_ot4n\/wp-content\/uploads\/2021\/09\/salviac-lavoir-300x200.jpg\" alt=\"salviac-lavoir-ON4CN\" width=\"300\" height=\"200\" srcset=\"https:\/\/www.on4cn.be\/blog_ot4n\/wp-content\/uploads\/2021\/09\/salviac-lavoir-300x200.jpg 300w, https:\/\/www.on4cn.be\/blog_ot4n\/wp-content\/uploads\/2021\/09\/salviac-lavoir.jpg 427w\" sizes=\"(max-width: 300px) 100vw, 300px\" \/><\/a><\/center><\/td>\n<\/tr>\n<tr>\n<td colspan=\"4\">Salviac est au confluent de deux ruisseaux, l&rsquo;Ourajou et le ruisseau de P\u00e2ques. Cette situation g\u00e9ographique a permis de cr\u00e9er un lieu de rencontre pour les lavandi\u00e8re,<br \/>\nfemmes qui lavaint le linge \u00e0 l&rsquo;aide des pierres du ruisseau, tout en y racontant les derniers ragots du village. le lavoir ne fut construit qu&rsquo;en 1928. Les pierres qui servirent \u00e0 le<br \/>\nconstruire furent celles r\u00e9cup\u00e9r\u00e9es dans le ruisseau. Il y avait une certaine hi\u00e9rarchie dans ce lavoir : plus les femmes \u00e9taient \u00e2g\u00e9es, plus elles proches de la source, o\u00f9 l&rsquo;eau y \u00e9tait<br \/>\npropre, alors que les plus jeunes se trouvaient au bout du lavoir et avaient une eau plus sale. Pr\u00e9s du ruisseua de P\u00e2ques se trouvaient des tanneurs. Personne qui tanne les peaux<br \/>\n(les transforme en cuir) ou les vend.<\/td>\n<\/tr>\n<\/tbody>\n<\/table>\n<p>&nbsp;<\/p>\n<p>&nbsp;<\/p>\n<table width=\"100%\">\n<tbody>\n<tr>\n<td colspan=\"4\"><center><span style=\"color: #0000ff;\"><b>Salviac Chapelle Notre Dame de l&rsquo;Olm<\/b><\/span><\/center><\/td>\n<\/tr>\n<tr>\n<td colspan=\"4\"><center><strong>Cliquez sur une vignette pour agrandir la photo<\/strong><\/center><\/td>\n<\/tr>\n<tr>\n<td colspan=\"4\"><center><a href=\"http:\/\/www.on4cn.be\/blog_ot4n\/wp-content\/uploads\/2021\/09\/salviac-chapelle.jpg\" target=\"_blank\" rel=\"noopener\"><img loading=\"lazy\" decoding=\"async\" class=\"aligncenter size-full wp-image-1322\" src=\"http:\/\/www.on4cn.be\/blog_ot4n\/wp-content\/uploads\/2021\/09\/salviac-chapelle.jpg\" alt=\"salviac-chapelle-ON4CN\" width=\"200\" height=\"300\" \/><\/a><\/center><\/td>\n<\/tr>\n<tr>\n<td colspan=\"4\">La chapelle Notre Dame de l\u2019Olm est un \u00e9l\u00e9ment important du patrimoine et de l\u2019histoire de Salviac. On peut penser qu\u2019il y avait pr\u00e9c\u00e9demment un sanctuaire primitif sous la<br \/>\nforme d\u2019un arbre, un orme (en occitan olm) consacr\u00e9 \u00e0 une divinit\u00e9 pa\u00efenne. La l\u00e9gende rapporte qu\u2019on y trouva une statue de la Vierge miraculeusement revenue sur les lieux apr\u00e8s avoir \u00e9t\u00e9<br \/>\nd\u00e9pos\u00e9e \u00e0 l\u2019\u00e9glise. Selon une autre version, saint G\u00e9nulphe, premier \u00e9v\u00eaque de Cahors, christianisa un orme consacr\u00e9 \u00e0 la d\u00e9esse Diane en pla\u00e7ant dans le creux l\u2019image de la Vierge Marie.<br \/>\nConstruite dans les ann\u00e9es 1510\/1520, sa fa\u00e7ade est orn\u00e9e d\u2019un portique de type toscan ferm\u00e9 par une claire-voie. Il s\u2019agit d\u2019un rare oratoire de la Renaissance conserv\u00e9 dans le Lot. Sa<br \/>\nfondation est li\u00e9e \u00e0 la fr\u00e9quentation des p\u00e8lerins allant vers Rocamadour et Compostelle, elle \u00e9tait situ\u00e9e \u00e0 l\u2019ext\u00e9rieur du bourg \u00e0 c\u00f4t\u00e9 d\u2019un h\u00f4pital pour accueillir les p\u00e8lerins.<br \/>\nCette chapelle, propri\u00e9t\u00e9 priv\u00e9e depuis la R\u00e9volution, class\u00e9e \u00e0 l\u2019inventaire suppl\u00e9mentaire des Monuments historiques, a \u00e9t\u00e9 confi\u00e9e \u00e0 la commune par bail emphyt\u00e9otique en 2011. Le retable<br \/>\nen bois dor\u00e9, attribu\u00e9 \u00e0 la volont\u00e9 de l\u2019archipr\u00eatre de Salviac Arnaud Delparc dans les ann\u00e9es 1660 apr\u00e8s la r\u00e9habilitation qu\u2019il avait souhait\u00e9e en 1634, est en cours de restauration.<br \/>\nDeux tableaux ont \u00e9t\u00e9 restaur\u00e9s et sont \u00e0 voir dans l\u2019\u00e9glise Saint-Jacques. D\u2019importants travaux seront entrepris sur l\u2019ensemble de la chapelle courant 2014.<\/td>\n<\/tr>\n<\/tbody>\n<\/table>\n","protected":false},"excerpt":{"rendered":"<p>Les ma\u00e7onneries int\u00e9rieures ont \u00e9t\u00e9 restaur\u00e9es au cours des ann\u00e9es 1990, faisant alors le choix de laisser la pierre apparente. Diverses armoires liturgiques et placards muraux ont \u00e9t\u00e9 mis \u00e0 jour dans les ann\u00e9es 2000 au cours de la restauration de la chapelle sud. Vandalis\u00e9s pendant la R\u00e9volution, les vitraux ont \u00e9t\u00e9 recompos\u00e9s en 1870 par un verrier improvis\u00e9, rendant difficile l\u2019identification des personnages, mais certains sont reconnaissables par leurs attributs (le Christ, Saint Eutrope, Saint Blaise). Les retables sont&#8230;<\/p>\n<p class=\"read-more\"><a class=\"btn btn-default\" href=\"https:\/\/www.on4cn.be\/blog_ot4n\/salviac\/\">Lire la suite<span class=\"screen-reader-text\"> Lire la suite<\/span><\/a><\/p>\n","protected":false},"author":1,"featured_media":0,"parent":0,"menu_order":0,"comment_status":"closed","ping_status":"closed","template":"","meta":{"footnotes":""},"_links":{"self":[{"href":"https:\/\/www.on4cn.be\/blog_ot4n\/wp-json\/wp\/v2\/pages\/1311"}],"collection":[{"href":"https:\/\/www.on4cn.be\/blog_ot4n\/wp-json\/wp\/v2\/pages"}],"about":[{"href":"https:\/\/www.on4cn.be\/blog_ot4n\/wp-json\/wp\/v2\/types\/page"}],"author":[{"embeddable":true,"href":"https:\/\/www.on4cn.be\/blog_ot4n\/wp-json\/wp\/v2\/users\/1"}],"replies":[{"embeddable":true,"href":"https:\/\/www.on4cn.be\/blog_ot4n\/wp-json\/wp\/v2\/comments?post=1311"}],"version-history":[{"count":4,"href":"https:\/\/www.on4cn.be\/blog_ot4n\/wp-json\/wp\/v2\/pages\/1311\/revisions"}],"predecessor-version":[{"id":1323,"href":"https:\/\/www.on4cn.be\/blog_ot4n\/wp-json\/wp\/v2\/pages\/1311\/revisions\/1323"}],"wp:attachment":[{"href":"https:\/\/www.on4cn.be\/blog_ot4n\/wp-json\/wp\/v2\/media?parent=1311"}],"curies":[{"name":"wp","href":"https:\/\/api.w.org\/{rel}","templated":true}]}}