{"id":7666,"date":"2018-12-04T11:21:56","date_gmt":"2018-12-04T10:21:56","guid":{"rendered":"http:\/\/www.on4cn.be\/blog_radio\/?page_id=7666"},"modified":"2018-12-04T11:23:51","modified_gmt":"2018-12-04T10:23:51","slug":"mini-graveuse-laser","status":"publish","type":"page","link":"http:\/\/www.on4cn.be\/blog_radio\/mini-graveuse-laser\/","title":{"rendered":"Mini graveuse laser"},"content":{"rendered":"<p>&nbsp;<\/p>\n<p>&nbsp;<\/p>\n<h2>Mini graveuse laser<\/h2>\n<p>&nbsp;<\/p>\n<p style=\"text-align: justify;\">Voici le projet d&rsquo;une mini graveuse laser home made<br \/>\nAttention, la surface exploitable n&rsquo;est que de 38&#215;38 mm, pas question de d\u00e9couper avec 1,5 W, juste de la gravure<\/p>\n<table border=\"0\" width=\"100%\" cellspacing=\"0\" cellpadding=\"0\" align=\"center\">\n<tbody>\n<tr>\n<td><center><a href=\"http:\/\/www.on4cn.be\/blog_radio\/wp-content\/uploads\/2018\/12\/imprimante02.jpg\"><img loading=\"lazy\" decoding=\"async\" class=\"aligncenter size-medium wp-image-7667\" src=\"http:\/\/www.on4cn.be\/blog_radio\/wp-content\/uploads\/2018\/12\/imprimante02-300x300.jpg\" alt=\"imprimante02\" width=\"300\" height=\"300\" srcset=\"http:\/\/www.on4cn.be\/blog_radio\/wp-content\/uploads\/2018\/12\/imprimante02-300x300.jpg 300w, http:\/\/www.on4cn.be\/blog_radio\/wp-content\/uploads\/2018\/12\/imprimante02-150x150.jpg 150w, http:\/\/www.on4cn.be\/blog_radio\/wp-content\/uploads\/2018\/12\/imprimante02-768x768.jpg 768w, http:\/\/www.on4cn.be\/blog_radio\/wp-content\/uploads\/2018\/12\/imprimante02.jpg 1000w\" sizes=\"auto, (max-width: 300px) 85vw, 300px\" \/><\/a><\/center><\/td>\n<\/tr>\n<\/tbody>\n<\/table>\n<p>&nbsp;<\/p>\n<p><center><strong>Cliquez sur l&rsquo;image pour agrandir la photo<\/strong><\/center>&nbsp;<\/p>\n<table border=\"0\" width=\"40%\" cellspacing=\"0\" cellpadding=\"0\" align=\"center\">\n<tbody>\n<tr>\n<td><center><a href=\"http:\/\/www.on4cn.be\/blog_radio\/wp-content\/uploads\/2018\/12\/chassis03.jpg\"><img loading=\"lazy\" decoding=\"async\" class=\"aligncenter size-medium wp-image-7668\" src=\"http:\/\/www.on4cn.be\/blog_radio\/wp-content\/uploads\/2018\/12\/chassis03-300x240.jpg\" alt=\"chassis en bois\" width=\"300\" height=\"240\" srcset=\"http:\/\/www.on4cn.be\/blog_radio\/wp-content\/uploads\/2018\/12\/chassis03-300x240.jpg 300w, http:\/\/www.on4cn.be\/blog_radio\/wp-content\/uploads\/2018\/12\/chassis03-768x614.jpg 768w, http:\/\/www.on4cn.be\/blog_radio\/wp-content\/uploads\/2018\/12\/chassis03.jpg 1000w\" sizes=\"auto, (max-width: 300px) 85vw, 300px\" \/><\/a><\/center><\/td>\n<td><center><a href=\"http:\/\/www.on4cn.be\/blog_radio\/wp-content\/uploads\/2018\/12\/chassis04.jpg\"><img loading=\"lazy\" decoding=\"async\" class=\"aligncenter size-medium wp-image-7669\" src=\"http:\/\/www.on4cn.be\/blog_radio\/wp-content\/uploads\/2018\/12\/chassis04-239x300.jpg\" alt=\"chassis en bois 4cn\" width=\"239\" height=\"300\" srcset=\"http:\/\/www.on4cn.be\/blog_radio\/wp-content\/uploads\/2018\/12\/chassis04-239x300.jpg 239w, http:\/\/www.on4cn.be\/blog_radio\/wp-content\/uploads\/2018\/12\/chassis04.jpg 600w\" sizes=\"auto, (max-width: 239px) 85vw, 239px\" \/><\/a><\/center><\/td>\n<\/tr>\n<\/tbody>\n<\/table>\n<p style=\"text-align: justify;\">Le ch\u00e2ssis en bois est termin\u00e9.<br \/>\nRestera \u00e0 le peindre en noir mat pour \u00e9viter les r\u00e9flexions du laser<br \/>\nJ&rsquo;ai fais le support en PLA qui doit recevoir les 2 cartes<\/p>\n<p>&nbsp;<\/p>\n<p><center><strong>Cliquez sur l&rsquo;image pour agrandir la photo<\/strong><\/center>&nbsp;<\/p>\n<p style=\"text-align: justify;\">Le descriptif du mini-graveur Laser, tu le trouveras sur <a href=\"https:\/\/www.youtube.com\/watch?v=b4xdubJv0H4 target=\"><b><span style=\"color: #ff0000;\"> * ICI<\/span><\/b><\/a><br \/>\nTu verras quelques liens dans le descriptif de la vid\u00e9o<br \/>\nPour le contr\u00f4leur, voici ce que je me suis procur\u00e9 : <a href=\"https:\/\/fr.aliexpress.com\/item\/NEW-CNC-shield-v4-engraving-machine-3pcs-A4988-Nano-with-cable-kit\/32827132106.html target=\"><b><span style=\"color: #ff0000;\"> * ICI<\/span><\/b><\/a><br \/>\nPour le laser, j&rsquo;ai pris celui de 1,5 W : <a href=\"https:\/\/fr.aliexpress.com\/item\/1000-mw-1500-mw-405nm-Blueviolet-Lumi-re-Laser-T-te-laser-Module-Graveur-Accessoire-pour\/32903122085.html target=\"><b><span style=\"color: #ff0000;\"> * ICI<\/span><\/b><\/a><br \/>\nUn laser plus puissant peut \u00eatre envisag\u00e9, mais le prix augmente plus vite que la puissance !!!!!<\/p>\n<table border=\"0\" width=\"40%\" cellspacing=\"0\" cellpadding=\"0\" align=\"center\">\n<tbody>\n<tr>\n<td><center><a href=\"http:\/\/www.on4cn.be\/blog_radio\/wp-content\/uploads\/2018\/12\/imprimante03.jpg\"><img loading=\"lazy\" decoding=\"async\" class=\"aligncenter size-medium wp-image-7670\" src=\"http:\/\/www.on4cn.be\/blog_radio\/wp-content\/uploads\/2018\/12\/imprimante03-300x300.jpg\" alt=\"circuit 4cn\" width=\"300\" height=\"300\" srcset=\"http:\/\/www.on4cn.be\/blog_radio\/wp-content\/uploads\/2018\/12\/imprimante03-300x300.jpg 300w, http:\/\/www.on4cn.be\/blog_radio\/wp-content\/uploads\/2018\/12\/imprimante03-150x150.jpg 150w, http:\/\/www.on4cn.be\/blog_radio\/wp-content\/uploads\/2018\/12\/imprimante03-768x768.jpg 768w, http:\/\/www.on4cn.be\/blog_radio\/wp-content\/uploads\/2018\/12\/imprimante03.jpg 960w\" sizes=\"auto, (max-width: 300px) 85vw, 300px\" \/><\/a><\/center><\/td>\n<td><center><a href=\"http:\/\/www.on4cn.be\/blog_radio\/wp-content\/uploads\/2018\/12\/imprimante04.jpg\"><img loading=\"lazy\" decoding=\"async\" class=\"aligncenter size-medium wp-image-7671\" src=\"http:\/\/www.on4cn.be\/blog_radio\/wp-content\/uploads\/2018\/12\/imprimante04-300x300.jpg\" alt=\"Laser on4cn\" width=\"300\" height=\"300\" srcset=\"http:\/\/www.on4cn.be\/blog_radio\/wp-content\/uploads\/2018\/12\/imprimante04-300x300.jpg 300w, http:\/\/www.on4cn.be\/blog_radio\/wp-content\/uploads\/2018\/12\/imprimante04-150x150.jpg 150w, http:\/\/www.on4cn.be\/blog_radio\/wp-content\/uploads\/2018\/12\/imprimante04-768x768.jpg 768w, http:\/\/www.on4cn.be\/blog_radio\/wp-content\/uploads\/2018\/12\/imprimante04.jpg 1000w\" sizes=\"auto, (max-width: 300px) 85vw, 300px\" \/><\/a><\/center><\/td>\n<\/tr>\n<\/tbody>\n<\/table>\n<p>&nbsp;<\/p>\n<p><center><strong>Cliquez sur l&rsquo;image pour agrandir la photo<\/strong><\/center>&nbsp;<\/p>\n<p style=\"text-align: justify;\">Il faut r\u00e9cup\u00e9rer 2 vieux CD-Rom pour son ch\u00e2ssis et son moteur pas \u00e0 pas<br \/>\nPour la carte m\u00e8re, pololu&rsquo;s et le nano, je l&rsquo;ai trouv\u00e9 \u00e0 6,70 \u20ac, le laser de 1,5 W \u00e0 21,50 \u20ac chez Aliexpress<\/p>\n<p style=\"text-align: justify;\">Le ch\u00e2ssis m\u00e9tallique a un moteur pas \u00e0 pas<br \/>\nUn moteur pas \u00e0 pas de CD-Rom doit comporter 4 contacts pour fonctionner dans ce montage<br \/>\nPar contre, celui en plastique, n&rsquo;est pas un pas \u00e0 pas il n&rsquo;y a que deux contacts.<\/p>\n<p>&nbsp;<\/p>\n<table border=\"0\" width=\"40%\" cellspacing=\"0\" cellpadding=\"0\" align=\"center\">\n<tbody>\n<tr>\n<td><center><a href=\"http:\/\/www.on4cn.be\/blog_radio\/wp-content\/uploads\/2018\/12\/imprimante05.jpg\"><img loading=\"lazy\" decoding=\"async\" class=\"aligncenter size-medium wp-image-7672\" src=\"http:\/\/www.on4cn.be\/blog_radio\/wp-content\/uploads\/2018\/12\/imprimante05-300x225.jpg\" alt=\"moteur pas \u00e0 pas\" width=\"300\" height=\"225\" srcset=\"http:\/\/www.on4cn.be\/blog_radio\/wp-content\/uploads\/2018\/12\/imprimante05-300x225.jpg 300w, http:\/\/www.on4cn.be\/blog_radio\/wp-content\/uploads\/2018\/12\/imprimante05-768x576.jpg 768w, http:\/\/www.on4cn.be\/blog_radio\/wp-content\/uploads\/2018\/12\/imprimante05-1024x768.jpg 1024w\" sizes=\"auto, (max-width: 300px) 85vw, 300px\" \/><\/a><\/center><\/td>\n<td><center><a href=\"http:\/\/www.on4cn.be\/blog_radio\/wp-content\/uploads\/2018\/12\/imprimante06.jpg\"><img loading=\"lazy\" decoding=\"async\" class=\"aligncenter size-medium wp-image-7674\" src=\"http:\/\/www.on4cn.be\/blog_radio\/wp-content\/uploads\/2018\/12\/imprimante06-300x225.jpg\" alt=\"Ch\u00e2ssis moteur 2 fils\" width=\"300\" height=\"225\" srcset=\"http:\/\/www.on4cn.be\/blog_radio\/wp-content\/uploads\/2018\/12\/imprimante06-300x225.jpg 300w, http:\/\/www.on4cn.be\/blog_radio\/wp-content\/uploads\/2018\/12\/imprimante06-768x576.jpg 768w, http:\/\/www.on4cn.be\/blog_radio\/wp-content\/uploads\/2018\/12\/imprimante06-1024x768.jpg 1024w\" sizes=\"auto, (max-width: 300px) 85vw, 300px\" \/><\/a><\/center><\/td>\n<\/tr>\n<\/tbody>\n<\/table>\n<table border=\"0\" width=\"40%\" cellspacing=\"0\" cellpadding=\"0\" align=\"center\">\n<tbody>\n<tr>\n<td><center>Moteur pas \u00e0 pas 4 fils<\/center><\/td>\n<td><center>Moteur normal 2 fils<\/center><\/td>\n<\/tr>\n<\/tbody>\n<\/table>\n<p>&nbsp;<\/p>\n<p><center><strong>Cliquez sur l&rsquo;image pour agrandir la photo<\/strong><\/center>&nbsp;<\/p>\n","protected":false},"excerpt":{"rendered":"<p>&nbsp; &nbsp; Mini graveuse laser &nbsp; Voici le projet d&rsquo;une mini graveuse laser home made Attention, la surface exploitable n&rsquo;est que de 38&#215;38 mm, pas question de d\u00e9couper avec 1,5 W, juste de la gravure &nbsp; Cliquez sur l&rsquo;image pour agrandir la photo&nbsp; Le ch\u00e2ssis en bois est termin\u00e9. Restera \u00e0 le peindre en noir &hellip; <a href=\"http:\/\/www.on4cn.be\/blog_radio\/mini-graveuse-laser\/\" class=\"more-link\">Continuer la lecture<span class=\"screen-reader-text\"> de &laquo;&nbsp;Mini graveuse laser&nbsp;&raquo;<\/span><\/a><\/p>\n","protected":false},"author":1,"featured_media":0,"parent":0,"menu_order":0,"comment_status":"closed","ping_status":"closed","template":"page-template-full.php","meta":{"footnotes":""},"class_list":["post-7666","page","type-page","status-publish","hentry"],"_links":{"self":[{"href":"http:\/\/www.on4cn.be\/blog_radio\/wp-json\/wp\/v2\/pages\/7666","targetHints":{"allow":["GET"]}}],"collection":[{"href":"http:\/\/www.on4cn.be\/blog_radio\/wp-json\/wp\/v2\/pages"}],"about":[{"href":"http:\/\/www.on4cn.be\/blog_radio\/wp-json\/wp\/v2\/types\/page"}],"author":[{"embeddable":true,"href":"http:\/\/www.on4cn.be\/blog_radio\/wp-json\/wp\/v2\/users\/1"}],"replies":[{"embeddable":true,"href":"http:\/\/www.on4cn.be\/blog_radio\/wp-json\/wp\/v2\/comments?post=7666"}],"version-history":[{"count":0,"href":"http:\/\/www.on4cn.be\/blog_radio\/wp-json\/wp\/v2\/pages\/7666\/revisions"}],"wp:attachment":[{"href":"http:\/\/www.on4cn.be\/blog_radio\/wp-json\/wp\/v2\/media?parent=7666"}],"curies":[{"name":"wp","href":"https:\/\/api.w.org\/{rel}","templated":true}]}}