{"id":31,"date":"2016-02-16T14:02:49","date_gmt":"2016-02-16T13:02:49","guid":{"rendered":"http:\/\/www.on4cn.be\/blog_radio\/?page_id=31"},"modified":"2016-06-22T09:59:19","modified_gmt":"2016-06-22T08:59:19","slug":"mon-dernier-tx","status":"publish","type":"page","link":"http:\/\/www.on4cn.be\/blog_radio\/mon-dernier-tx\/","title":{"rendered":"Mon RX-TX pour la bande 7 MHz"},"content":{"rendered":"<p><img loading=\"lazy\" decoding=\"async\" class=\"alignleft size-medium wp-image-42\" src=\"http:\/\/www.on4cn.be\/blog_radio\/wp-content\/uploads\/2016\/02\/qrp1-300x186.jpg\" alt=\"QRP ON4CN\" width=\"300\" height=\"186\" \/><strong>Un RX-TX pour la bande 7 MHz, d&rsquo;une puissance d&rsquo;un Watt <\/strong> Ces exp\u00e9riences de trafic en faible puissance am\u00e8nent \u00e0 se poser quelques questions sur l&rsquo;utilisation d&rsquo;\u00e9metteur de puissance \u00ab\u00a0( 100 \u00e0 1 KW )\u00a0\u00bb Le 21-01-1999, peu de station sur la bande 40 m\u00e8tre, la plupart sont de l&rsquo;Europe: DL, OK. Soudain, un signal S9 \u00e0 l&rsquo;oreille n&rsquo;ayant pas de S-m\u00e8tre sur mon ( RX-TX ). Une station VA3SYL Canada lance appel en t\u00e9l\u00e9graphie, je lui r\u00e9pond sans grand espoir, ce dernier reste un moment silencieux, quelques instants plu-tard, il me r\u00e9pond par quelque chose ( QRZ QRP PSE AGN ) \u00e0 ma grande surprise.<\/p>\n<p><img loading=\"lazy\" decoding=\"async\" class=\"alignright size-medium wp-image-45\" src=\"http:\/\/www.on4cn.be\/blog_radio\/wp-content\/uploads\/2016\/02\/qrp2-300x225.jpg\" alt=\"QRP1 ON4CN\" width=\"300\" height=\"225\" srcset=\"http:\/\/www.on4cn.be\/blog_radio\/wp-content\/uploads\/2016\/02\/qrp2-300x225.jpg 300w, http:\/\/www.on4cn.be\/blog_radio\/wp-content\/uploads\/2016\/02\/qrp2.jpg 500w\" sizes=\"auto, (max-width: 300px) 85vw, 300px\" \/><strong>Un RX-TX pour la bande 7 MHz, d&rsquo;une puissance d&rsquo;un Watt <\/strong> Le contact s&rsquo;\u00e9tablit de suite, il me donne un report de 448 avec QRM, et me fait r\u00e9p\u00e9ter la puissance de ma station, ( RIG Home Made only ONE WATT ) j&rsquo;ai re\u00e7u des f\u00e9licitations de cette station.<br \/>\nIl faut reconnaitre que dans le trafic QRP la gloire d&rsquo;un contact extr\u00eame revient \u00e0 la station qui \u00e9coute, bien plus qu&rsquo;\u00e0 la station \u00e9mettant en QRP ; le faible niveau du signal \u00e0 l&rsquo;arriv\u00e9e exige de l&rsquo;op\u00e9rateur un effort que n&rsquo;a pas \u00e0 fournir celui qui \u00e9met, la r\u00e9ussite d&rsquo;une telle liaison est aussi la preuve de l&rsquo;excellent fonctionnement des conditions de r\u00e9ception du correspondant Un RX-TX pour la bande 7 MHz, d&rsquo;une puissance d&rsquo;un Watt;<br \/>\nUne de mes r\u00e9alisations : un RX-TX pour la bande 7 MHz, d&rsquo;une puissance d&rsquo;un Watt avec comme antenne de 26 m\u00e8tres \u00e0 une hauteur de 18 m\u00e8tres de tr\u00e8s beaux QSO&rsquo;s ont \u00e9t\u00e9 r\u00e9alis\u00e9.<strong>EA, EA6, EA8, DL, G, F, SM, I, IT9, HB9, UA3, EW, YT, UT8, HA, ON, SP, SV8, OZ, OE, PA, OK, LY, 9A, S5, ER, OY, Z31, CT, 9H1, LZ, YO.<\/strong>Pour les DX: JA5THU, AE4IC, N9FH, N5QQ, K1AO, N9FH, ZF2DR, 4L1MA, PY2WC, VK3XM, VE1LEO, VE9XB, VA3SYL, FM5BH, FG5EY, VU3VLH, 4Z5BZ, EX8F, K9AW\/DU6<\/p>\n<p><img loading=\"lazy\" decoding=\"async\" class=\"alignleft size-medium wp-image-48\" src=\"http:\/\/www.on4cn.be\/blog_radio\/wp-content\/uploads\/2016\/02\/qrp3-300x225.jpg\" alt=\"QRP3 ON4CN\" width=\"300\" height=\"225\" srcset=\"http:\/\/www.on4cn.be\/blog_radio\/wp-content\/uploads\/2016\/02\/qrp3-300x225.jpg 300w, http:\/\/www.on4cn.be\/blog_radio\/wp-content\/uploads\/2016\/02\/qrp3.jpg 500w\" sizes=\"auto, (max-width: 300px) 85vw, 300px\" \/>Pour ceux qui, lass\u00e9s par le train-train quotidien du trafic ordinaire, poss\u00e8dent encore un fer \u00e0 souder et savent se servir<br \/>\nde leurs dix doigts sans \u00eatre obligatoirement des virtuoses, le travail en QRP peut \u00eatre un d\u00e9rivatif passionnant en faisant appel aux deux composantes de la Radio d&rsquo;Amateur. Le trafic, hors des sentiers battus, dans des conditions difficiles o\u00f9 l&rsquo;effort est indispensable.<br \/>\nCe genre de trafic extr\u00eame est aussi une fa\u00e7on de tester ses propres limites, c&rsquo;est une excellente \u00e9cole pour aborder le grand trafic <b>DX <\/b> dans les meilleures conditions, il permet de se faufiler dans un \u00a0\u00bb PILE-UP \u00a0\u00bb sans \u00e9quipement particulier. Le bricolage, est accessible \u00e0 tous ; sans appareils de mesure sophistiqu\u00e9s sans connaissances universitaires ; \u00e0 peu de frais car possible avec du mat\u00e9riel de r\u00e9cup\u00e9ration. Et m\u00eame si la r\u00e9alisation personnelle est modeste par rapport au mat\u00e9riel commercial, elle sera source de bien plus de satisfaction. Savoir pourquoi sa station de fabrication OM ne marche pas est infiniment plus enrichissant que d&rsquo;ignorer comment sa station du commerce fonctionne.<\/p>\n<p><img loading=\"lazy\" decoding=\"async\" class=\"alignright size-medium wp-image-55\" src=\"http:\/\/www.on4cn.be\/blog_radio\/wp-content\/uploads\/2016\/02\/qrp5-300x225.jpg\" alt=\"QRP5 ON4CN\" width=\"300\" height=\"225\" srcset=\"http:\/\/www.on4cn.be\/blog_radio\/wp-content\/uploads\/2016\/02\/qrp5-300x225.jpg 300w, http:\/\/www.on4cn.be\/blog_radio\/wp-content\/uploads\/2016\/02\/qrp5.jpg 500w\" sizes=\"auto, (max-width: 300px) 85vw, 300px\" \/>Comme je trafique plus souvent en CW, j&rsquo;ai inclus dans mon montage un manipulateur \u00e9lectronique qui ne comporte pas plus que de trois circuits int\u00e9gr\u00e9s. Il g\u00e9n\u00e8re les points et les traits \u00e0 vitesse variable ainsi que l&rsquo;\u00e9coute lat\u00e9rale, au moins utile pour s&rsquo;entra\u00eener. La tension d&rsquo;alimentation va de 4 \u00e0 15 V. Les valeurs des composants sont \u00e9tablies pour une alimentation de 12 V, pour une autre tension, il faut ajuster R4 et R6, la fr\u00e9quence des oscillateurs augmentant quand la tension diminue. Le c\u0153ur du circuit M1 ( 4015 ) CMOS est constitu\u00e9 de deux registres \u00e0 d\u00e9calages, appel\u00e9s SHIFT, M1a et M1b. L&rsquo;horloge est donn\u00e9e par M3 dont la fr\u00e9quence est ajust\u00e9e par le potentiom\u00e8tre P1. Au repos, les deux SHIFT sont \u00e0 z\u00e9ro, quand la cl\u00e9 est sur le contact TRAIT, \u00e0 chaque top d&rsquo;horloge, le \u00ab\u00a01\u00a0\u00bb se propage sur M1-5, puis sur M1-4, puis sur M1-3, ces trois \u00e9tats sont somm\u00e9s par M2 ( 4071 ) qui, par D1 sature le transistor T1 de sortie, en m\u00eame temps, par M2-10, le M1b est maintenu &amp;agrave z\u00e9ro pour ne pas \u00e9ventuellement m\u00e9langer les traits et les points, au quatri\u00e8me top d&rsquo;horloge, M1-10 passe \u00e0 son tour en \u00ab\u00a01\u00a0\u00bb, ce qui remet \u00e0 z\u00e9ro M1a, si la cl\u00e9 est toujours sur le contact TRAIT , le cycle recommence avec trois unit\u00e9s de trait et une unit\u00e9 de repos, quand la cl\u00e9 est sur le contact POINT, au premier top d&rsquo;horloge, M1-13 passe en \u00ab\u00a01\u00a0\u00bb ce qui par D2 sature T1 et, par M2-11 maintient le SHIFT 1 &amp;agrave z\u00e9ro, au deuxi\u00e8me top d&rsquo;horloge, M1-12 passe en \u00ab\u00a01\u00a0\u00bb ce qui remet \u00e0 z\u00e9ro le SHIFT 2, donc un point plus un espace sont g\u00e9n\u00e9r\u00e9s.<\/p>\n<p><img loading=\"lazy\" decoding=\"async\" class=\"alignleft size-medium wp-image-51\" src=\"http:\/\/www.on4cn.be\/blog_radio\/wp-content\/uploads\/2016\/02\/qrp6-300x225.jpg\" alt=\"QRP6 ON4CN\" width=\"300\" height=\"225\" srcset=\"http:\/\/www.on4cn.be\/blog_radio\/wp-content\/uploads\/2016\/02\/qrp6-300x225.jpg 300w, http:\/\/www.on4cn.be\/blog_radio\/wp-content\/uploads\/2016\/02\/qrp6.jpg 500w\" sizes=\"auto, (max-width: 300px) 85vw, 300px\" \/>Dans les deux cas, c&rsquo;est le temps de transit dans M1 et M2 qui d\u00e9finit la dur\u00e9e de l&rsquo;impulsion de remise \u00e0 z\u00e9ro : 100 nanosecondes \u00e0 12 V et 200 nanosecondes \u00e0 5 V. L&rsquo;\u00e9coute lat\u00e9rale est faite par un oscillateur M3 dont la fr\u00e9quence est ajustable par R6, R7 est \u00e0 ajuster en fonction de votre \u00e9coute La transmission en Morse ( CW ) est, pour de nombreux OM ( de l&rsquo;anglais Old Man, termes qui d\u00e9signe les Radioamateurs exp\u00e9riment\u00e9s ) une activit\u00e9 vitale \u00e0 laquelle il est impossible de renoncer.La CW ( Carrier Wave ) a en r\u00e9alit\u00e9 un gros avantage sur les autres modes de transmission car ce syst\u00e8me s&rsquo;affranchit de circuits modulateurs, souvent probl\u00e9matiques et s&rsquo;appuie sur une \u00e9mission en tout ou rien de la fr\u00e9quence porteuse. En r\u00e9ception, l&rsquo;absence de modulation est \u00e0 l&rsquo;origine de quelques difficult\u00e9s d\u00e9rivant de l&rsquo;\u00e9troitesse de la bande passante occup\u00e9e par le signal \u00e9mis. La bande passante du r\u00e9cepteur ou de la section r\u00e9ception du transciever est toujours bien sup\u00e9rieure. Dans cette portion de bande, discerner le signal utile parmi les autres signaux ou bruit de fond r\u00e9clame alors une grande exp\u00e9rience et une oreille exp\u00e9riment\u00e9e de fa\u00e7on \u00e0 ne focaliser l&rsquo;attention que sur des signaux les plus faibles. Il est donc parfois n\u00e9cessaire de r\u00e9duire la bande passante du r\u00e9cepteur, la m\u00e9thode la plus rigoureuse techniquement serait d&rsquo;intervenir sur la s\u00e9lectivit\u00e9 de l&rsquo;\u00e9tage moyenne fr\u00e9quence, mais en pratique cette op\u00e9ration n&rsquo;est ni facile ni opportune, surtout si le r\u00e9cepteur doit ensuite \u00eatre utilis\u00e9 avec des signaux modul\u00e9s qui seraient intol\u00e9rablement distordus par une cha\u00eene MF avec une bande passante de quelques dizaines de Hz il reste donc \u00e0 intervenir au niveau de la sortie audio, en filtrant de mani\u00e8re adapt\u00e9e le signal gr\u00e2ce \u00e0 un circuit additionnel sp\u00e9cial, facilement d\u00e9connectable lorsque l&rsquo;on ne souhaite plus recevoir en bande \u00e9troite. Le sch\u00e9ma \u00e9lectrique visible montre qu&rsquo;il est possible de pousser la s\u00e9lectivit\u00e9 pour resserrer la bande passante jusqu&rsquo;\u00e0 80 Hz, valeur int\u00e9ressante pour augmenter les performances de nombreux r\u00e9cepteur.<\/p>\n<p><img loading=\"lazy\" decoding=\"async\" class=\"alignright size-medium wp-image-565\" src=\"http:\/\/www.on4cn.be\/blog_radio\/wp-content\/uploads\/2016\/02\/qrp7-300x225.jpg\" alt=\"qrp7\" width=\"300\" height=\"225\" srcset=\"http:\/\/www.on4cn.be\/blog_radio\/wp-content\/uploads\/2016\/02\/qrp7-300x225.jpg 300w, http:\/\/www.on4cn.be\/blog_radio\/wp-content\/uploads\/2016\/02\/qrp7.jpg 500w\" sizes=\"auto, (max-width: 300px) 85vw, 300px\" \/><br \/>\nLes quatres \u00e9tages sont des filtres passe-bande actifs dot\u00e9s de deux double ampli op\u00e9rationnels int\u00e9gr\u00e9s LM747 .<br \/>\nEntre le second et le troisi\u00e8me filtre se trouve un simple \u00e9cr\u00eateur form\u00e9 par les diodes D1 et D2 plac\u00e9es t\u00eate-b\u00eache ayant pour r\u00f4le de limiter au minimum la pr\u00e9sence du bruit de fond. Chacun des filtres passe bande est accord\u00e9 sur la fr\u00e9quence de 750 Hz avec les composants qui lui sont associ\u00e9s.<br \/>\nLes signaux ayant cette fr\u00e9quence franchissent sans aucune att\u00e9nuation les quatres amplis op\u00e9rationnels, les autres sont \u00e9limin\u00e9s au fur et \u00e0 mesure de l&rsquo;\u00e9loignement de cette valeur. En pratique, le filtre constitue une barri\u00e8re insurmontable pour les signaux inf\u00e9rieurs \u00e0 600 Hz et sup\u00e9rieurs \u00e0 900 Hz. Les condensateurs sont au polycarbonate ou choisis parmi les mod\u00e8les stables en temp\u00e9rature, surtout en ce qui concerne les 8 \u00e9l\u00e9ments de 1 nF employ\u00e9s dans le montage, qui doivent \u00e9galement pr\u00e9senter une tol\u00e9rance serr\u00e9e inf\u00e9rieure \u00e0 5 % , ceci afin que les autres \u00e9tages op\u00e9rationnels s&rsquo;accordent sur les m\u00eame fr\u00e9quences. Pour les essais, relier l&rsquo;entr\u00e9e du super filtre \u00e0 la prise casques du r\u00e9cepteur et la sortie \u00e0 un casque haute imp\u00e9dance. Alimenter le montage par une pile de 9 volts, le r\u00e9cepteur s&rsquo;accorde avec le BFO ins\u00e9r\u00e9, sur une porteuse ou un signal Morse .<br \/>\nEn agissant sur le BFO ou sur l&rsquo;accord, v\u00e9rifier l&rsquo;action du filtre qui ne doit restituer qu&rsquo;un signal de 750 Hz<\/p>\n","protected":false},"excerpt":{"rendered":"<p>Un RX-TX pour la bande 7 MHz, d&rsquo;une puissance d&rsquo;un Watt Ces exp\u00e9riences de trafic en faible puissance am\u00e8nent \u00e0 se poser quelques questions sur l&rsquo;utilisation d&rsquo;\u00e9metteur de puissance \u00ab\u00a0( 100 \u00e0 1 KW )\u00a0\u00bb Le 21-01-1999, peu de station sur la bande 40 m\u00e8tre, la plupart sont de l&rsquo;Europe: DL, OK. Soudain, un signal &hellip; <a href=\"http:\/\/www.on4cn.be\/blog_radio\/mon-dernier-tx\/\" class=\"more-link\">Continuer la lecture<span class=\"screen-reader-text\"> de &laquo;&nbsp;Mon RX-TX pour la bande 7 MHz&nbsp;&raquo;<\/span><\/a><\/p>\n","protected":false},"author":1,"featured_media":0,"parent":0,"menu_order":0,"comment_status":"closed","ping_status":"closed","template":"","meta":{"footnotes":""},"class_list":["post-31","page","type-page","status-publish","hentry"],"_links":{"self":[{"href":"http:\/\/www.on4cn.be\/blog_radio\/wp-json\/wp\/v2\/pages\/31","targetHints":{"allow":["GET"]}}],"collection":[{"href":"http:\/\/www.on4cn.be\/blog_radio\/wp-json\/wp\/v2\/pages"}],"about":[{"href":"http:\/\/www.on4cn.be\/blog_radio\/wp-json\/wp\/v2\/types\/page"}],"author":[{"embeddable":true,"href":"http:\/\/www.on4cn.be\/blog_radio\/wp-json\/wp\/v2\/users\/1"}],"replies":[{"embeddable":true,"href":"http:\/\/www.on4cn.be\/blog_radio\/wp-json\/wp\/v2\/comments?post=31"}],"version-history":[{"count":0,"href":"http:\/\/www.on4cn.be\/blog_radio\/wp-json\/wp\/v2\/pages\/31\/revisions"}],"wp:attachment":[{"href":"http:\/\/www.on4cn.be\/blog_radio\/wp-json\/wp\/v2\/media?parent=31"}],"curies":[{"name":"wp","href":"https:\/\/api.w.org\/{rel}","templated":true}]}}