{"id":19885,"date":"2024-06-27T07:52:38","date_gmt":"2024-06-27T05:52:38","guid":{"rendered":"http:\/\/www.on4cn.be\/blog_radio\/?page_id=19885"},"modified":"2024-06-27T07:52:38","modified_gmt":"2024-06-27T05:52:38","slug":"mode-super-fox","status":"publish","type":"page","link":"http:\/\/www.on4cn.be\/blog_radio\/mode-super-fox\/","title":{"rendered":"Mode Super Fox"},"content":{"rendered":"<article class=\"article\">\n<center><b><span style=\"color: #ff0000;\">Informations Mode Super Fox<\/span><\/b><\/center><\/p>\n<p style=\"text-align: center;\"><img loading=\"lazy\" decoding=\"async\" src=\"https:\/\/www.dx-world.net\/wp-content\/uploads\/2024\/05\/SFM-1280x640.jpg\" alt=\"Mode Super Fox\" width=\"500\" height=\"300\"\/><\/p>\n<p><b>25 Juin 2024<\/b><\/p>\n<p><span style=\"color: #000000;\">[<strong>MISE \u00c0 JOUR<\/strong>] \u2013 Tir\u00e9 directement du <a href=\"https:\/\/jarvisisland2024.com\/operating\/super-fox-mode\" target=\"_blank\" rel=\"noopener noreferrer\"><span style=\"color: #ff6600;\">site de l&rsquo;exp\u00e9dition DX de N5J Jarvis Island<\/span><\/a> (avec cr\u00e9dit), voici un aper\u00e7u tr\u00e8s d\u00e9taill\u00e9 de la fa\u00e7on dont fonctionne le mode Super Fox :<\/span><\/p>\n<p style=\"text-align: center;\">=====<\/p>\n<ul>\n<li><span style=\"color: #000000;\"><em><strong>Qu&rsquo;est-ce que le mode SuperFox dans WSJT-X ?<\/strong><\/em><\/span><\/li>\n<\/ul>\n<p><span style=\"color: #000000;\">Le mode SuperFox permet \u00e0 une exp\u00e9dition de r\u00e9aliser des QSO num\u00e9riques \u00e0 des taux plus \u00e9lev\u00e9s que ceux possibles avec les versions pr\u00e9c\u00e9dentes de WSJT-X. Dans les versions pr\u00e9c\u00e9dentes, le Fox pouvait transmettre jusqu&rsquo;\u00e0 5 flux, chaque flux ayant une largeur de 50 Hz.<\/span><\/p>\n<p><span style=\"color: #000000;\">Le SuperFox transmet une forme d&rsquo;onde \u00e0 puissance constante de 1512 Hz de large. Le SuperFox peut envoyer des rapports ou des RR73 \u00e0 jusqu&rsquo;\u00e0 neuf SuperHounds simultan\u00e9ment. Il est important de noter qu&rsquo;il n&rsquo;y a pas de r\u00e9duction de la force du signal re\u00e7u pour ce faire. Un SuperHound \u00e9prouvera la m\u00eame force du signal re\u00e7u, quel que soit le nombre de Hounds contact\u00e9s par le SuperFox.<\/span><\/p>\n<p><span style=\"color: #000000;\">De plus, le SuperFox transmet une signature num\u00e9rique d&rsquo;authenticit\u00e9. Cette signature permet au SuperHound de v\u00e9rifier la l\u00e9gitimit\u00e9 de l&rsquo;exp\u00e9dition, r\u00e9duisant ainsi ou \u00e9liminant la piraterie. Cela sera couvert plus en d\u00e9tail prochainement.<\/span><\/p>\n<ul>\n<li><span style=\"color: #000000;\"><em><strong>Ai-je besoin d&rsquo;un logiciel sp\u00e9cial ?<\/strong><\/em><\/span><\/li>\n<\/ul>\n<p><span style=\"color: #000000;\">Oui, le SuperFox et le SuperHound doivent tous deux utiliser <span style=\"color: #ff6600;\"><a style=\"color: #ff6600;\" href=\"https:\/\/sourceforge.net\/projects\/wsjt\/files\/\" target=\"_blank\" rel=\"noopener noreferrer\">WSJT-X version 2.7.0-RC5<\/a><\/span> ou une version plus r\u00e9cente.<\/span><\/p>\n<ul>\n<li><span style=\"color: #000000;\"><em><strong>Dois-je r\u00e9gler mon r\u00e9cepteur ou mon \u00e9metteur \u00e0 une certaine largeur de bande pour le d\u00e9codage SuperFox ?<\/strong><\/em><\/span><\/li>\n<\/ul>\n<p><span style=\"color: #000000;\">Non, comme le SuperFox transmet un signal de 1512 Hz de large, les m\u00eames r\u00e9glages que vous utilisez actuellement avec WSJT-X fonctionneront bien.<\/span><\/p>\n<p><strong>Quels r\u00e9glages du logiciel dois-je configurer pour \u00eatre un SuperFox ou un SuperHound ?<\/strong><\/em><\/span><\/li>\n<\/ul>\n<p><span style=\"color: #000000;\">Pour le SuperFox : Dans l&rsquo;onglet Param\u00e8tres\u2014Avanc\u00e9 de WSJT-X, s\u00e9lectionnez le bouton radio Fox et cochez la case mode SuperFox. Vous devez \u00e9galement obtenir une cl\u00e9 et remplir le champ Cl\u00e9. (Plus de d\u00e9tails sur le champ Cl\u00e9 ci-dessous).<\/span><\/p>\n<p><span style=\"color: #000000;\">Pour le SuperHound : Dans l&rsquo;onglet Param\u00e8tres\u2014Avanc\u00e9 de WSJT-X, s\u00e9lectionnez le bouton radio Hound et cochez la case mode SuperFox. Aucun param\u00e8tre de cl\u00e9 n&rsquo;est n\u00e9cessaire.<\/span><\/p>\n<p style=\"text-align: center;\"><img fetchpriority=\"high\" decoding=\"async\" class=\"aligncenter\" src=\"https:\/\/jarvisisland2024.com\/images\/superfoxmode\/superfox_01.jpg\" alt=\"superfox_01\" width=\"700\" height=\"500\"><\/p>\n<p><span style=\"color: #000000;\">Dans les deux cas, un marqueur rouge SuperFox ou SuperHound sera affich\u00e9 au centre inf\u00e9rieur de l&rsquo;\u00e9cran WSJT-X lorsque la fen\u00eatre Param\u00e8tres est ferm\u00e9e.<\/span><\/p>\n<p style=\"text-align: center;\"><img loading=\"lazy\" decoding=\"async\" class=\"aligncenter\" src=\"https:\/\/jarvisisland2024.com\/images\/superfoxmode\/superfox_02.jpg\" alt=\"superfox 02\" width=\"700\" height=\"500\"><\/p>\n<ul>\n<li><span style=\"color: #000000;\"><em><strong>O\u00f9 le SuperFox va-t-il transmettre ?<\/strong><\/em><\/span><\/li>\n<\/ul>\n<p><span style=\"color: #000000;\">En utilisant une largeur de bande de 1512 Hz, le SuperFox commencera \u00e0 750 Hz et ira jusqu&rsquo;\u00e0 2262 Hz.<\/span><\/p>\n<ul>\n<li><span style=\"color: #000000;\"><em><strong>O\u00f9 le SuperHound doit-il transmettre ?<\/strong><\/em><\/span><\/li>\n<\/ul>\n<p><span style=\"color: #000000;\">La limitation pr\u00e9c\u00e9dente des Hounds \u00e9mettant au-dessus de 1000 Hz a \u00e9t\u00e9 supprim\u00e9e. Un SuperHound peut transmettre n&rsquo;importe o\u00f9 de 200 Hz et plus. Contrairement \u00e0 l&rsquo;ancienne op\u00e9ration Fox et Hound, la fr\u00e9quence du SuperHound n&rsquo;est pas r\u00e9duite apr\u00e8s avoir \u00e9t\u00e9 appel\u00e9.<\/span><\/p>\n<ul>\n<li><span style=\"color: #000000;\"><em><strong>Dois-je changer les param\u00e8tres de l&rsquo;op\u00e9ration Split du transceiver pour les modes SuperFox ou SuperHound ?<\/strong><\/em><\/span><\/li>\n<\/ul>\n<p><span style=\"color: #000000;\">Non, vous pouvez utiliser les m\u00eames param\u00e8tres Split qu&rsquo;auparavant. Pour Fox, vous pouvez \u00e9galement utiliser None, car aucun d\u00e9placement de VFO ne sera effectu\u00e9.<\/span><\/p>\n<ul>\n<li><span style=\"color: #000000;\"><em><strong>Y a-t-il des fr\u00e9quences sp\u00e9ciales SuperFox sur chaque bande ?<\/strong><\/em><\/span><\/li>\n<\/ul>\n<p><span style=\"color: #000000;\">Cela d\u00e9pend de chaque exp\u00e9dition DX de d\u00e9finir. Les exp\u00e9ditions devraient publier leurs fr\u00e9quences souhait\u00e9es sur des sites web ou en direct via un r\u00e9seau de rep\u00e9rage DX. Les stations SuperFox ne devraient jamais transmettre sur les fr\u00e9quences FT8 standard.<\/span><\/p>\n<ul>\n<li><span style=\"color: #000000;\"><em><strong>Comment saurais-je que le SuperFox n&rsquo;est pas un pirate ?<\/strong><\/em><\/span><\/li>\n<\/ul>\n<p><span style=\"color: #000000;\">Le SuperFox transmettra une signature num\u00e9rique qui sera v\u00e9rifi\u00e9e par le SuperHound lorsqu&rsquo;elle sera re\u00e7ue. Un message affich\u00e9 indiquera que l&rsquo;indicatif du SuperFox a \u00e9t\u00e9 v\u00e9rifi\u00e9. Si aucun message de ce type n&rsquo;appara\u00eet, la transmission n&rsquo;est pas v\u00e9rifi\u00e9e.<\/span><\/p>\n<p style=\"text-align: center;\"><img decoding=\"async\" class=\"aligncenter\" src=\"https:\/\/jarvisisland2024.com\/images\/superfoxmode\/superfox_03.jpg\" alt=\"superfox 03\" width=\"100%\" height=\"60%\"><\/p>\n<ul>\n<li><strong>Est-ce que j&rsquo;ai besoin d&rsquo;un \u00e9quipement sp\u00e9cial pour utiliser SuperFox ?<\/strong><\/li>\n<\/ul>\n<p><span style=\"color: #000000;\">Non, votre mat\u00e9riel restera identique \u00e0 celui que vous utilisez actuellement. Comme indiqu\u00e9 dans la question n\u00b02, seule votre logiciel WSJT-X doit \u00eatre mis \u00e0 jour.<\/span><\/p>\n<ul>\n<li><em><strong>Comment savoir si le QSO est complet ?<\/strong><\/em><\/li>\n<\/ul>\n<p><span style=\"color: #000000;\">Un message RR73 sera re\u00e7u comme dans les versions pr\u00e9c\u00e9dentes de WSJT-X. Si vous n&rsquo;avez pas re\u00e7u RR73 apr\u00e8s avoir envoy\u00e9 \u00e0 plusieurs reprises votre rapport R+, vous pouvez attendre quelques minutes et rappeler.<\/span><\/p>\n<ul>\n<li><em><strong>Comment savoir que le mode est SuperFox et non FT8 r\u00e9gulier ?<\/strong><\/em><\/li>\n<\/ul>\n<p><span style=\"color: #000000;\">Un signal FT8 normal fait seulement 50 Hz de largeur ; le signal SuperFox fait 1512 Hz de largeur. La s\u00e9quence de tons est nettement diff\u00e9rente et il est facile de distinguer que SuperFox n&rsquo;est pas un signal FT8 normal.<\/span><\/p>\n<p>&nbsp;<\/p>\n<p>Fichier audio &#8211;> &nbsp;&nbsp;<a href=\"https:\/\/jarvisisland2024.com\/media\/audios\/2024\/06\/24\/superfoxmode.mp3\" target=\"_blank\" rel=\"noopener noreferrer\"><span style=\"color: #ff0000;\">https:\/\/www.dx-world.net\/wp-content\/uploads\/2024\/05\/superfoxmode.mp3<\/span><\/a><\/p>\n<ul>\n<li><span style=\"color: #000000;\"><strong>Dois-je continuer d&rsquo;appeler \u00e0 chaque cycle impair jusqu&rsquo;\u00e0 ce que le SuperRenard revienne vers moi ?<\/strong><\/span><\/li>\n<\/ul>\n<p><span style=\"color: #000000;\">C&rsquo;est difficile \u00e0 r\u00e9pondre. Un Renard ou SuperRenard n&rsquo;a aucun moyen de savoir o\u00f9 vous en \u00eates dans la File d&rsquo;attente ou m\u00eame si vous y \u00eates. En g\u00e9n\u00e9ral, il est conseill\u00e9 de continuer d&rsquo;appeler jusqu&rsquo;\u00e0 ce qu&rsquo;une r\u00e9ponse soit re\u00e7ue.<\/span><\/p>\n<ul>\n<li><span style=\"color: #000000;\"><strong>L&rsquo;ancien mode Renard\/Hound est-il toujours disponible ?<\/strong><\/span><\/li>\n<\/ul>\n<p><span style=\"color: #000000;\">Oui, il existe maintenant trois sous-modes majeurs FT8 dans WSJT-X : Normal FT8, Renard\/Hound et SuperRenard\/SuperHound.<\/span><\/p>\n<p style=\"text-align: center;\">=====<\/p>\n<p><strong>[18 MAI]<\/strong> \u2013 Il y a seulement six ans, en 2018, que la <a href=\"https:\/\/www.baker2018.net\/\" target=\"_blank\" rel=\"noopener noreferrer\"><span style=\"color: #ff6600;\">exp\u00e9dition DX de<br \/>\nl&rsquo;\u00eele Baker<\/span><\/a> a chang\u00e9 le visage des QSO num\u00e9riques en introduisant le sous-mode Renard\/Hound de WSJT-X. Joe Taylor, K1JT, et son \u00e9quipe d\u00e9vou\u00e9e de d\u00e9veloppeurs de logiciels et<br \/>\nde testeurs ont permis la r\u00e9alisation de centaines de milliers de QSO DX au fil des ann\u00e9es qui ont suivi. Dans de nombreux cas, ce mode a permis \u00e0 des DXers avec une puissance et des<br \/>\nantennes limit\u00e9es d&rsquo;ajouter de nouveaux DX \u00e0 leurs r\u00e9compenses DXCC qui n&rsquo;auraient pas \u00e9t\u00e9 possibles autrement. De plus, leur code de programmation open-source a conduit \u00e0 son int\u00e9gration<br \/>\ndans JTDX, MSHV, ainsi qu&rsquo;\u00e0 des am\u00e9liorations continues de WSJT-X.<\/p>\n<p>Ne se reposant jamais sur ce qui \u00e9tait suffisant hier, l&rsquo;\u00e9quipe de Joe Taylor offrira bient\u00f4t un mode \u00ab\u00a0SuperFox\u00a0\u00bb de WSJT-X pour r\u00e9aliser des QSO FT8 rapides. Les Hounds poursuivant la station DX SuperFox transmettront des signaux FT8 normaux, comme dans le mode Fox\/Hound d\u00e9j\u00e0 familier. Mais au lieu d&rsquo;envoyer des flux concurrents allant jusqu&rsquo;\u00e0 cinq signaux FT8, la station SuperFox transmettra une enveloppe constante unique, utilisant une forme d&rsquo;onde large de 1,5 kHz, qui transmettra des rapports de signal ou des confirmations \u00ab\u00a0RR73\u00a0\u00bb \u00e0 jusqu&rsquo;\u00e0 neuf Hounds diff\u00e9rents simultan\u00e9ment. Le plus important, il n&rsquo;y aura aucune p\u00e9nalit\u00e9 de force de signal pour la transmission simultan\u00e9e \u00e0 tous ces Hounds.<\/p>\n<p><span style=\"color: #000000;\">Une autre am\u00e9lioration tr\u00e8s significative sera une signature num\u00e9rique contenue dans le message SuperFox qui permettra au logiciel r\u00e9cepteur de v\u00e9rifier l&rsquo;origine l\u00e9gitime du signal provenant d&rsquo;une exp\u00e9dition DX valid\u00e9e.<\/span><\/p>\n<p><span style=\"color: #000000;\">L&rsquo;\u00e9quipe de d\u00e9veloppement de SuperFox effectuera des tests b\u00eata du logiciel dans les semaines \u00e0 venir dans le but de le d\u00e9ployer \u00e0 temps pour ses d\u00e9buts lors de l&rsquo;exp\u00e9dition DX de <a href=\"https:\/\/www.dx-world.net\/n5j-jarvis-island-dxpedition\/\" target=\"_blank\" rel=\"noopener noreferrer\"><span style=\"color: #ff6600;\">Jarvis Island par N5J<\/span><\/a> dans quelques mois.<\/span><\/p>\n<p><span style=\"color: #000000;\">Restez \u00e0 l&rsquo;\u00e9coute pour plus de d\u00e9tails.<\/span><br \/><span style=\"color: #000000;\">\u00c9quipe de d\u00e9veloppement WSJT<\/span><\/p>\n<p style=\"text-align: center;\">=====<\/p>\n<p><span style=\"color: #000000;\">PS : N&rsquo;h\u00e9sitez pas \u00e0 enregistrer\/t\u00e9l\u00e9charger une version plus grande de \u00ab\u00a0Super Fox\u00a0\u00bb pour votre site web ou page QRZ, etc.&nbsp;<\/span><\/p>\n<p style=\"text-align: center;\"><a href=\"https:\/\/www.dx-world.net\/wp-content\/uploads\/2024\/05\/SFM.jpg\" target=\"_blank\" rel=\"noopener noreferrer\"><img loading=\"lazy\" decoding=\"async\" class=\"aligncenter wp-image-134986 size-full\" src=\"https:\/\/www.dx-world.net\/wp-content\/uploads\/2024\/05\/SFM-1.jpg\" alt=\"\" width=\"500\" height=\"300\" srcset=\"https:\/\/www.dx-world.net\/wp-content\/uploads\/2024\/05\/SFM-1.jpg 1344w, https:\/\/www.dx-world.net\/wp-content\/uploads\/2024\/05\/SFM-1-300x188.jpg 300w, https:\/\/www.dx-world.net\/wp-content\/uploads\/2024\/05\/SFM-1-1024x640.jpg 1024w, https:\/\/www.dx-world.net\/wp-content\/uploads\/2024\/05\/SFM-1-768x480.jpg 768w, https:\/\/www.dx-world.net\/wp-content\/uploads\/2024\/05\/SFM-1-400x250.jpg 400w, https:\/\/www.dx-world.net\/wp-content\/uploads\/2024\/05\/SFM-1-1080x675.jpg 1080w\" sizes=\"auto, (max-width: 1344px) 100vw, 1344px\"><\/a><\/p>\n<p>Info de la Source <a href=\"https:\/\/www.dx-world.net\/author\/mm0ndx\/\" target=\"_blank\" rel=\"noopener noreferrer\"><b><span style=\"color: #ff0000;\"> * ICI<\/b><\/a><\/p>\n<\/article>\n","protected":false},"excerpt":{"rendered":"<p>Informations Mode Super Fox 25 Juin 2024 [MISE \u00c0 JOUR] \u2013 Tir\u00e9 directement du site de l&rsquo;exp\u00e9dition DX de N5J Jarvis Island (avec cr\u00e9dit), voici un aper\u00e7u tr\u00e8s d\u00e9taill\u00e9 de la fa\u00e7on dont fonctionne le mode Super Fox : ===== Qu&rsquo;est-ce que le mode SuperFox dans WSJT-X ? Le mode SuperFox permet \u00e0 une exp\u00e9dition &hellip; <a href=\"http:\/\/www.on4cn.be\/blog_radio\/mode-super-fox\/\" class=\"more-link\">Continuer la lecture<span class=\"screen-reader-text\"> de &laquo;&nbsp;Mode Super Fox&nbsp;&raquo;<\/span><\/a><\/p>\n","protected":false},"author":1,"featured_media":0,"parent":0,"menu_order":0,"comment_status":"closed","ping_status":"closed","template":"","meta":{"footnotes":""},"class_list":["post-19885","page","type-page","status-publish","hentry"],"_links":{"self":[{"href":"http:\/\/www.on4cn.be\/blog_radio\/wp-json\/wp\/v2\/pages\/19885","targetHints":{"allow":["GET"]}}],"collection":[{"href":"http:\/\/www.on4cn.be\/blog_radio\/wp-json\/wp\/v2\/pages"}],"about":[{"href":"http:\/\/www.on4cn.be\/blog_radio\/wp-json\/wp\/v2\/types\/page"}],"author":[{"embeddable":true,"href":"http:\/\/www.on4cn.be\/blog_radio\/wp-json\/wp\/v2\/users\/1"}],"replies":[{"embeddable":true,"href":"http:\/\/www.on4cn.be\/blog_radio\/wp-json\/wp\/v2\/comments?post=19885"}],"version-history":[{"count":0,"href":"http:\/\/www.on4cn.be\/blog_radio\/wp-json\/wp\/v2\/pages\/19885\/revisions"}],"wp:attachment":[{"href":"http:\/\/www.on4cn.be\/blog_radio\/wp-json\/wp\/v2\/media?parent=19885"}],"curies":[{"name":"wp","href":"https:\/\/api.w.org\/{rel}","templated":true}]}}