{"id":134,"date":"2016-02-17T10:19:56","date_gmt":"2016-02-17T09:19:56","guid":{"rendered":"http:\/\/www.on4cn.be\/blog_radio\/?page_id=134"},"modified":"2016-06-22T10:00:26","modified_gmt":"2016-06-22T09:00:26","slug":"realisation-dune-antenne-35-mhz-raccourci","status":"publish","type":"page","link":"http:\/\/www.on4cn.be\/blog_radio\/realisation-dune-antenne-35-mhz-raccourci\/","title":{"rendered":"R\u00e9alisation d&rsquo;une Antenne 3,5 Mhz raccourci."},"content":{"rendered":"<p>&nbsp;<\/p>\n<h3><strong>R\u00e9alisation d&rsquo;une Antenne 3,5 Mhz raccourci.<\/strong><\/h3>\n<p><a href=\"http:\/\/www.on4cn.be\/blog_radio\/wp-content\/uploads\/2016\/02\/trapdipole.jpg\" target=\"_blank\"><img loading=\"lazy\" decoding=\"async\" class=\"aligncenter size-medium wp-image-139\" src=\"http:\/\/www.on4cn.be\/blog_radio\/wp-content\/uploads\/2016\/02\/trapdipole-300x225.jpg\" alt=\"Antenne Dipole 3.5\" width=\"300\" height=\"225\" srcset=\"http:\/\/www.on4cn.be\/blog_radio\/wp-content\/uploads\/2016\/02\/trapdipole-300x225.jpg 300w, http:\/\/www.on4cn.be\/blog_radio\/wp-content\/uploads\/2016\/02\/trapdipole.jpg 640w\" sizes=\"auto, (max-width: 300px) 85vw, 300px\" \/><\/a><\/p>\n<p><center><strong>Cliquez sur une vignette pour agrandir la photo<\/strong><\/center>Une solution pour l&rsquo;utilisation en portable ou pour les stations qui, comme moi, disposent de peu de place&#8230; Le montage ne n\u00e9cessite que quelques heures et il me permet de trafiquer sur 80 m\u00e8tres a un prix d\u00e9fiant toute concurrence et ce avec d&rsquo;excellents reports de mes correspondants. La bande passante \u00e9troite demande un r\u00e9glage de l&rsquo;antenne sur les fr\u00e9quences que l&rsquo;on veut privil\u00e9gier. Pour ma part je l&rsquo;ai taill\u00e9e sur la fr\u00e9quence de notre QSO hebdomadaire.<\/p>\n<p><strong>R\u00e9alisation des deux trappes :<\/strong><\/p>\n<p>Un tube de PVC Haute Pression de longs 1 m\u00e8tre de longs<\/p>\n<p><a href=\"http:\/\/www.on4cn.be\/blog_radio\/wp-content\/uploads\/2016\/02\/ant801.jpg\" target=\"_blank\"><img loading=\"lazy\" decoding=\"async\" class=\"aligncenter size-thumbnail wp-image-142\" src=\"http:\/\/www.on4cn.be\/blog_radio\/wp-content\/uploads\/2016\/02\/ant801-150x150.jpg\" alt=\"Antenne Dipole 3.5 Mhz\" width=\"150\" height=\"150\" \/><\/a><\/p>\n<p><center><strong>Cliquez sur une vignette pour agrandir la photo<\/strong><\/center>Pour cela couper deux morceaux de tube de PVC Haute Pression de 170 millim\u00e8tres de longueur et de 50 millim\u00e8tres de diam\u00e8tre .<\/p>\n<p><a href=\"http:\/\/www.on4cn.be\/blog_radio\/wp-content\/uploads\/2016\/02\/ant802.jpg\" target=\"_blank\"><img loading=\"lazy\" decoding=\"async\" class=\"aligncenter size-thumbnail wp-image-143\" src=\"http:\/\/www.on4cn.be\/blog_radio\/wp-content\/uploads\/2016\/02\/ant802-150x150.jpg\" alt=\"Antenne Dipole 3.5 Mhz Trappes\" width=\"150\" height=\"150\" \/><\/a><\/p>\n<p><center><strong>Cliquez sur une vignette pour agrandir la photo<\/strong><\/center>Le dip\u00f4le fait 2 x 11 m\u00e8tres de fils 2.5 m\/m, chaque brin coup\u00e9 en son milieu par une self ;<\/p>\n<p><a href=\"http:\/\/www.on4cn.be\/blog_radio\/wp-content\/uploads\/2016\/02\/ant803.jpg\" target=\"_blank\"><img loading=\"lazy\" decoding=\"async\" class=\"aligncenter size-thumbnail wp-image-161\" src=\"http:\/\/www.on4cn.be\/blog_radio\/wp-content\/uploads\/2016\/02\/ant803-150x150.jpg\" alt=\"Antenne Dipole 3.5 Fils\" width=\"150\" height=\"150\" \/><\/a><\/p>\n<p><center><strong>Cliquez sur une vignette pour agrandir la photo<\/strong><\/center>&nbsp;<\/p>\n<p><strong>la self :<\/strong><\/p>\n<p>fil \u00e9lectricien monobrin 1,5 carr\u00e9, avec sa gaine en plastique, 42 spires jointives sur mandrin plastique diam\u00e8tre 50 mm.<\/p>\n<p><a href=\"http:\/\/www.on4cn.be\/blog_radio\/wp-content\/uploads\/2016\/02\/antself.jpg\" target=\"_blank\"><img loading=\"lazy\" decoding=\"async\" class=\"aligncenter size-thumbnail wp-image-164\" src=\"http:\/\/www.on4cn.be\/blog_radio\/wp-content\/uploads\/2016\/02\/antself-150x150.jpg\" alt=\"Antenne dipole 3.5 Mhz self\" width=\"150\" height=\"150\" \/><\/a><\/p>\n<p><center><strong>Cliquez sur une vignette pour agrandir la photo<\/strong><\/center>&nbsp;<\/p>\n<table width=\"100%\">\n<tbody>\n<tr>\n<td><a href=\"http:\/\/www.on4cn.be\/blog_radio\/wp-content\/uploads\/2016\/02\/ant804.jpg\" target=\"_blank\"><img loading=\"lazy\" decoding=\"async\" class=\"aligncenter size-thumbnail wp-image-169\" src=\"http:\/\/www.on4cn.be\/blog_radio\/wp-content\/uploads\/2016\/02\/ant804-150x150.jpg\" alt=\"Antenne Diople SWR 2.5\" width=\"120\" height=\"120\" \/><\/a><\/td>\n<td><a href=\"http:\/\/www.on4cn.be\/blog_radio\/wp-content\/uploads\/2016\/02\/ant805.jpg\" target=\"_blank\"><img loading=\"lazy\" decoding=\"async\" class=\"aligncenter size-thumbnail wp-image-170\" src=\"http:\/\/www.on4cn.be\/blog_radio\/wp-content\/uploads\/2016\/02\/ant805-150x150.jpg\" alt=\"Antenne Dipole SWR 1.1\" width=\"120\" height=\"120\" \/><\/a><\/td>\n<td><a href=\"http:\/\/www.on4cn.be\/blog_radio\/wp-content\/uploads\/2016\/02\/ant806.jpg\" target=\"_blank\"><img loading=\"lazy\" decoding=\"async\" class=\"aligncenter size-thumbnail wp-image-171\" src=\"http:\/\/www.on4cn.be\/blog_radio\/wp-content\/uploads\/2016\/02\/ant806-150x150.jpg\" alt=\"Antenne Dipole SWR 3.0\" width=\"120\" height=\"120\" \/><\/a><\/td>\n<\/tr>\n<\/tbody>\n<\/table>\n<p><center><strong>Cliquez sur une vignette pour agrandir la photo<\/strong><\/center>Ici ont peut voir le taux d&rsquo;onde stationnaire sur ( R.O.S ) une partie de la bande SSB<\/p>\n<table width=\"100%\">\n<tbody>\n<tr>\n<td><a href=\"http:\/\/www.on4cn.be\/blog_radio\/wp-content\/uploads\/2016\/02\/ant808.jpg\" target=\"_blank\"><img loading=\"lazy\" decoding=\"async\" class=\"aligncenter size-thumbnail wp-image-180\" src=\"http:\/\/www.on4cn.be\/blog_radio\/wp-content\/uploads\/2016\/02\/ant808-150x150.jpg\" alt=\"Antenne Dipole Bande CW SWR 1.5\" width=\"120\" height=\"120\" \/><\/a><\/td>\n<td><a href=\"http:\/\/www.on4cn.be\/blog_radio\/wp-content\/uploads\/2016\/02\/ant809.jpg\" target=\"_blank\"><img loading=\"lazy\" decoding=\"async\" class=\"aligncenter size-thumbnail wp-image-181\" src=\"http:\/\/www.on4cn.be\/blog_radio\/wp-content\/uploads\/2016\/02\/ant809-150x150.jpg\" alt=\"Antenne Dipole Bande CW SWR 1.0\" width=\"120\" height=\"120\" \/><\/a><\/td>\n<td><a href=\"http:\/\/www.on4cn.be\/blog_radio\/wp-content\/uploads\/2016\/02\/ant810.jpg\" target=\"_blank\"><img loading=\"lazy\" decoding=\"async\" class=\"aligncenter size-thumbnail wp-image-182\" src=\"http:\/\/www.on4cn.be\/blog_radio\/wp-content\/uploads\/2016\/02\/ant810-150x150.jpg\" alt=\"Antenne Dipole Bande CW SWR 2.5\" width=\"120\" height=\"120\" \/><\/a><\/td>\n<\/tr>\n<\/tbody>\n<\/table>\n<p><center><strong>Cliquez sur une vignette pour agrandir la photo<\/strong><\/center>Ici ont peut voir le taux d&rsquo;onde stationnaire sur ( R.O.S ) une partie de la bande CW<\/p>\n<p><strong>L&rsquo;antenne install\u00e9e :<\/strong><\/p>\n<p><a href=\"http:\/\/www.on4cn.be\/blog_radio\/wp-content\/uploads\/2016\/02\/ant807.jpg\" target=\"_blank\"><img loading=\"lazy\" decoding=\"async\" class=\"aligncenter size-thumbnail wp-image-187\" src=\"http:\/\/www.on4cn.be\/blog_radio\/wp-content\/uploads\/2016\/02\/ant807-150x150.jpg\" alt=\"Antenne Dipole 3.5 Mhz Raccourci ON4CN\" width=\"150\" height=\"150\" \/><\/a><\/p>\n<p><center><strong>Cliquez sur une vignette pour agrandir la photo<\/strong><\/center>Une fois tendu, le r\u00e9glage sur la fr\u00e9quence choisie s&rsquo;effectue en coupant plus ou moins les brins. Au cas o\u00f9 vous auriez \u00e9t\u00e9 un peu violent avec la pince coupante et que vous ayez pass\u00e9 le point de r\u00e9glage, pas de panique, il suffit de rallonger avec une \u00e9pissure soud\u00e9e \u00e0 l&rsquo;\u00e9tain, isol\u00e9e au ruban adh\u00e9sif et de reprendre le r\u00e9glage&#8230; Avec ce doublet raccourci vous n&rsquo;aurez plus l&rsquo;excuse du manque de place et de ne pas pouvoir participer au QSO Comme je travail le plus souvent en CW j&rsquo;ai t\u2019allier mon antenne en d\u00e9but de bande donc 5,50 + la bobine + 5,98 au total cela fait 11,48 m au d\u00e9part j&rsquo;avais d\u00e9marrer sur les mesures de 5,50 + bobine + 5,50 au total 11 m la je tomb\u00e9 dans la partie phonie en rajoutant 48 cm je tombe dans la partie CW<\/p>\n<hr width=\"950\" \/>\n<center><br \/>\n<!-- StatsU --><br \/>\n<!-- Statistique XITI (d\u00e9but) --><br \/>\n<a title=\"Mesurez votre audience\" href=\"http:\/\/www.xiti.com\/xiti.asp?s=182357\"><br \/>\n<script type=\"text\/javascript\">\/\/ <![CDATA[\nXt_param = 's=182357&#038;p=levy';\n            Xt_r = document.referrer;\n            Xt_h = new Date();\n            Xt_i = '<img width=\"39\" height=\"25\" border=\"0\" '; Xt_i += 'src=\"http:\/\/logv26.xiti.com\/hit.xiti?'+Xt_param; Xt_i += '&#038;hl='+Xt_h.getHours()+'x'+Xt_h.getMinutes()+'x'+Xt_h.getSeconds(); if(parseFloat(navigator.appVersion)>=4)\n                    {Xt_s=screen;Xt_i+='&r='+Xt_s.width+'x'+Xt_s.height+'x'+Xt_s.pixelDepth+'x'+Xt_s.colorDepth;}\n            document.write(Xt_i+'&ref='+Xt_r.replace(\/[<>\"]\/g, '').replace(\/&\/g, '$')+'\" title=\"Analyse d\\'audience\">');\n\/\/ ]]><\/script><br \/>\n<noscript>audit et mesure d&rsquo;audience visiteurs internet par <img loading=\"lazy\" decoding=\"async\" width=\"39\" height=\"25\" src=\"http:\/\/logv26.xiti.com\/hit.xiti?s=182357&#038;p=levy\" alt=\"Analyse d'audience\" \/><\/noscript><\/a><br \/>\n<!-- Statistique XITI (Fin) --><br \/>\n<!-- StatsU --><br \/>\nVous \u00eates le <a href=\"http:\/\/www.imingo.net\" target=\"_top\"><img decoding=\"async\" src=\"http:\/\/www.imingo.com\/services\/compteur\/icptsp.php?id=on4cn\" alt=\"un compteur pour votre site\" name=\"imingo.com\" border=\"0\" \/><\/a> \u00e8me visiteur<br \/>\n<\/center><\/p>\n","protected":false},"excerpt":{"rendered":"<p>&nbsp; R\u00e9alisation d&rsquo;une Antenne 3,5 Mhz raccourci. Cliquez sur une vignette pour agrandir la photoUne solution pour l&rsquo;utilisation en portable ou pour les stations qui, comme moi, disposent de peu de place&#8230; Le montage ne n\u00e9cessite que quelques heures et il me permet de trafiquer sur 80 m\u00e8tres a un prix d\u00e9fiant toute concurrence et &hellip; <a href=\"http:\/\/www.on4cn.be\/blog_radio\/realisation-dune-antenne-35-mhz-raccourci\/\" class=\"more-link\">Continuer la lecture<span class=\"screen-reader-text\"> de &laquo;&nbsp;R\u00e9alisation d&rsquo;une Antenne 3,5 Mhz raccourci.&nbsp;&raquo;<\/span><\/a><\/p>\n","protected":false},"author":1,"featured_media":0,"parent":0,"menu_order":0,"comment_status":"closed","ping_status":"closed","template":"","meta":{"footnotes":""},"class_list":["post-134","page","type-page","status-publish","hentry"],"_links":{"self":[{"href":"http:\/\/www.on4cn.be\/blog_radio\/wp-json\/wp\/v2\/pages\/134","targetHints":{"allow":["GET"]}}],"collection":[{"href":"http:\/\/www.on4cn.be\/blog_radio\/wp-json\/wp\/v2\/pages"}],"about":[{"href":"http:\/\/www.on4cn.be\/blog_radio\/wp-json\/wp\/v2\/types\/page"}],"author":[{"embeddable":true,"href":"http:\/\/www.on4cn.be\/blog_radio\/wp-json\/wp\/v2\/users\/1"}],"replies":[{"embeddable":true,"href":"http:\/\/www.on4cn.be\/blog_radio\/wp-json\/wp\/v2\/comments?post=134"}],"version-history":[{"count":0,"href":"http:\/\/www.on4cn.be\/blog_radio\/wp-json\/wp\/v2\/pages\/134\/revisions"}],"wp:attachment":[{"href":"http:\/\/www.on4cn.be\/blog_radio\/wp-json\/wp\/v2\/media?parent=134"}],"curies":[{"name":"wp","href":"https:\/\/api.w.org\/{rel}","templated":true}]}}