{"id":11218,"date":"2020-10-07T10:13:12","date_gmt":"2020-10-07T09:13:12","guid":{"rendered":"http:\/\/www.on4cn.be\/blog_radio\/?page_id=11218"},"modified":"2020-10-07T13:24:37","modified_gmt":"2020-10-07T12:24:37","slug":"fst4-et-fst4w","status":"publish","type":"page","link":"http:\/\/www.on4cn.be\/blog_radio\/fst4-et-fst4w\/","title":{"rendered":"FST4 et FST4W"},"content":{"rendered":"<p><center><\/p>\n<table width=\"60%\">\n<tbody>\n<tr>\n<td><img loading=\"lazy\" decoding=\"async\" alt=\"news\" border=\"0\" height=\"66\" id=\"_x0000_i1026\" src=\"http:\/\/www.fediea.org\/images\/noticias.gif\" style=\"float:right;margin-bottom:5px;margin-top:0px;\" width=\"60\" \/><\/td>\n<td><center><strong><span style=\"color: #ff0000;\"><\/p>\n<h3>Quick-Start Guide to FST4 and FST4W<\/h3>\n<p><\/span><\/strong><\/center><\/td>\n<td><img loading=\"lazy\" decoding=\"async\" alt=\"news\" border=\"0\" height=\"66\" id=\"_x0000_i1026\" src=\"http:\/\/www.fediea.org\/images\/noticias.gif\" style=\"float:right;margin-bottom:5px;margin-top:0px;\" width=\"60\" \/><\/td>\n<\/tr>\n<\/tbody>\n<\/table>\n<p><\/center><\/p>\n<p><\/center><\/p>\n<p style=\"text-align: center;\"><b>Bonjour \u00e0 tous,<\/b><\/p>\n<p><center><b><span style=\"color: #ff0000;\"><\/p>\n<h4>Version traduite en Fran\u00e7ais via Google Translate<\/h4>\n<p><\/span><\/b><\/center><\/p>\n<p style=\"text-align: center;\"><b>Guide de d\u00e9marrage rapide de FST4 et FST4W Steve Franke, K9AN; Bill Somerville, G4WJS; et Joe Taylor, K1JT<\/b><\/p>\n<p>WSJT-X 2.3.0 introduit FST4 et FST4W, des protocoles num\u00e9riques sp\u00e9cialement con\u00e7us pour les bandes LF et MF. Sur ces bandes, leurs sensibilit\u00e9s fondamentales sont meilleures que<br \/>\nles autres modes WSJT-X avec les m\u00eames longueurs de s\u00e9quence, se rapprochant des limites th\u00e9oriques de leurs d\u00e9bits d&rsquo;information. FST4 est optimis\u00e9 pour les QSO bidirectionnels,<br \/>\ntandis que FST4W est pour les transmissions quasi-balises de messages de style WSPR. FST4 et FST4W ne n\u00e9cessitent pas la synchronisation de l&rsquo;heure et le verrouillage de phase<br \/>\nstricts et ind\u00e9pendants de modes comme EbNaut.<\/p>\n<ul>\n<li>\u00c9missions quasi-balises de type WSPR sur les bandes LF et MF.<\/li>\n<li>QSOs avec des signaux tr\u00e8s faibles sur les bandes LF et MF.<\/li>\n<li>EME sur les bandes VHF et UHF avec des s\u00e9quences T \/ R \u00e0 la fois plus courtes et plus longues que 60 s<\/li>\n<\/ul>\n<p>Les nouveaux modes utilisent la modulation 4-GFSK et partagent un logiciel commun pour le codage et le d\u00e9codage des messages. FST4 offre des longueurs de s\u00e9quence T \/ R de 15,<br \/>\n30, 60, 120, 300, 900 et 1800 secondes, tandis que FST4W omet les longueurs inf\u00e9rieures \u00e0 120 s. Les sous-modes re\u00e7oivent des noms tels que FST4-60, FST4W-300, etc., les num\u00e9ros<br \/>\nannex\u00e9s indiquant la longueur de la s\u00e9quence en secondes. Les charges utiles de message contiennent soit 77 bits, comme dans FT4, FT8 et MSK144, soit 50 bits pour les messages de<br \/>\ntype WSPR de FST4W. Les formats de message affich\u00e9s \u00e0 l&rsquo;utilisateur sont similaires \u00e0 ceux des autres modes 77 bits et 50 bits dans WSJT-X. La correction d&rsquo;erreur directe utilise<br \/>\nun code de contr\u00f4le de parit\u00e9 \u00e0 faible densit\u00e9 (LDPC) avec 240 informations et bits de parit\u00e9. Les transmissions se composent de 160 symboles: 120 symboles porteurs d&rsquo;informations<br \/>\nde deux bits chacun, entrecoup\u00e9s de cinq groupes de huit symboles de synchronisation pr\u00e9d\u00e9finis.<\/p>\n<p>Les param\u00e8tres de base de tous les sous-modes FST4 et FST4W sont r\u00e9sum\u00e9s dans le tableau ci-dessous. La sensibilit\u00e9 du seuil (SNR dans une bande passante de 2500 Hz donnant une<br \/>\nprobabilit\u00e9 de d\u00e9codage de 50%) a \u00e9t\u00e9 mesur\u00e9e pour chaque sous-mode en utilisant des simulations sur le canal de bruit gaussien blanc additif (AWGN). Comme avec d&rsquo;autres modes<br \/>\nr\u00e9cemment d\u00e9velopp\u00e9s dans WSJT-X, une fonction appel\u00e9e d\u00e9codage a priori (AP) peut am\u00e9liorer la sensibilit\u00e9 de plusieurs dB suppl\u00e9mentaires, car les informations sont accumul\u00e9es<br \/>\nau cours d&rsquo;une session d&rsquo;exploitation minimale standard QSO ou FST4W.<\/p>\n<p><center><\/p>\n<table border=\"6\" width=\"200\">\n<tbody>\n<tr bgcolor=\"#99FFFF\">\n<th>T\/Rperiod(s)<\/th>\n<th>Symbollength(s)<\/th>\n<th>ToneSpacing(Hz)<\/th>\n<th>OccupiedBandwidth(Hz)<\/th>\n<th>FST4SNR(dB)<\/th>\n<th>FST4WSNR(dB)<\/th>\n<\/tr>\n<tr bgcolor=\"#99FFFF\">\n<th>15<\/th>\n<th>0.060<\/th>\n<th>16.67<\/th>\n<th>67.7<\/th>\n<th>-20.7<\/th>\n<th>&#8211;<\/th>\n<\/tr>\n<tr bgcolor=\"#99FFFF\">\n<th>30<\/th>\n<th>0.140 <\/th>\n<th>7.14<\/th>\n<th>28.6<\/th>\n<th>-24.2<\/th>\n<th>&#8211;<\/th>\n<\/tr>\n<tr bgcolor=\"#99FFFF\">\n<th>60<\/th>\n<th>0.324<\/th>\n<th>3.09<\/th>\n<th>12.4<\/th>\n<th>-28.1<\/th>\n<th>&#8211;<\/th>\n<\/tr>\n<tr bgcolor=\"#99FFFF\">\n<th>120<\/th>\n<th>0.683<\/th>\n<th>1.46<\/th>\n<th>5.9<\/th>\n<th>-31.3<\/th>\n<th>-32.8<\/th>\n<\/tr>\n<tr bgcolor=\"#99FFFF\">\n<th>300<\/th>\n<th>1.792<\/th>\n<th>0.56<\/th>\n<th>2.2<\/th>\n<th>-35.3<\/th>\n<th>-36.8<\/th>\n<\/tr>\n<tr bgcolor=\"#99FFFF\">\n<th>900<\/th>\n<th>5.547<\/th>\n<th>0.180<\/th>\n<th>0.72<\/th>\n<th>-40.2<\/th>\n<th>-41.7<\/th>\n<\/tr>\n<tr bgcolor=\"#99FFFF\">\n<th>1800<\/th>\n<th>11.200<\/th>\n<th>0.089<\/th>\n<th>0.36<\/th>\n<th>-43.2<\/th>\n<th>-44.8<\/th>\n<\/tr>\n<\/tbody>\n<\/table>\n<p><\/center><\/p>\n<p>Le FST4-60 est environ 1,7 dB plus sensible que le JT9, en grande partie parce qu&rsquo;il utilise la d\u00e9tection de bloc \u00e0 symboles multiples le cas \u00e9ch\u00e9ant. Avec le d\u00e9codage AP dans<br \/>\nFST4, la diff\u00e9rence peut atteindre 4,7 dB. FST4-120<\/p>\n<p>et les longueurs de s\u00e9quence plus longues sont proportionnellement plus sensibles. Le FST4W-120 est sup\u00e9rieur d&rsquo;environ 1,4 dB au WSPR standard et, avec ses s\u00e9quences de 30<br \/>\nminutes, le FST4W-1800 atteint un seuil SNR de pr\u00e8s de -45 dB. Nous recommandons vivement aux utilisateurs de JT9 et WSPR sur les bandes LF et MF de migrer \u00e0 la place vers FST4<br \/>\net FST4W.<\/p>\n<p>Vous pouvez penser \u00e0 d&rsquo;autres applications pour les nouveaux modes au-del\u00e0 de celles d\u00e9crites ici. Gardez \u00e0 l&rsquo;esprit qu&rsquo;il s&rsquo;agit de modes \u00e0 bande tr\u00e8s \u00e9troite; pour atteindre<br \/>\nles sensibilit\u00e9s \u00e9num\u00e9r\u00e9es dans le tableau, les d\u00e9rives de l&rsquo;oscillateur et les d\u00e9calages Doppler induits par le trajet doivent \u00eatre inf\u00e9rieurs \u00e0 l&rsquo;espacement des tonalit\u00e9s, sur<br \/>\ntoute la longueur de la s\u00e9quence. Comme exemple d&rsquo;une application diff\u00e9rente, le sous-mode \u00e0 s\u00e9quence courte FST4-15 s&rsquo;est av\u00e9r\u00e9 tr\u00e8s efficace sur les trajets de diffusion<br \/>\nionosph\u00e9rique de 50 MHz. \u00c0 l&rsquo;extr\u00eame oppos\u00e9 de la longueur de transmission, VK7MO et VK7ZBX ont eu un bon succ\u00e8s en utilisant FST4W-1800 pour la communication de diffusion optique<br \/>\nsans ligne de vis\u00e9e, couvrant des chemins obstru\u00e9s jusqu&rsquo;\u00e0 153 km en utilisant des matrices de LED, des lentilles de Fresnel et photo- d\u00e9tecteurs.<\/p>\n<p>Les op\u00e9rateurs familiers avec WSJT-X trouveront l&rsquo;utilisation de FST4 et FST4W simple. La plupart des commandes \u00e0 l&rsquo;\u00e9cran, du s\u00e9quen\u00e7age automatique et des autres fonctionnalit\u00e9s<br \/>\nse comportent comme dans les autres modes. Les conventions de fonctionnement sur les bandes LF et MF font qu&rsquo;il est utile d&rsquo;avoir des commandes utilisateur suppl\u00e9mentaires pour<br \/>\nd\u00e9finir la plage de fr\u00e9quences active utilis\u00e9e par le d\u00e9codeur. Lorsque Fichier \u2192 Param\u00e8tres \u2192 G\u00e9n\u00e9ral \u2192 D\u00e9codage unique n&rsquo;est pas coch\u00e9, les bo\u00eetes de s\u00e9lection num\u00e9riques<br \/>\nintitul\u00e9es F Low et F High d\u00e9finissent les limites de fr\u00e9quence inf\u00e9rieure et sup\u00e9rieure pour le d\u00e9codeur FST4.<\/p>\n<p style=\"text-align: center;\"><img loading=\"lazy\" decoding=\"async\" class=\"aligncenter wp-image-99778 size-medium\" src=\"https:\/\/www.on4cn.be\/blog_radio\/wp-content\/uploads\/2020\/09\/FST4-4.png\" alt=\"\" width=\"500\" height=\"300\"><\/p>\n<p>Les limites sont marqu\u00e9es par des symboles de chevrons vert fonc\u00e9 < > sur l&rsquo;\u00e9chelle de fr\u00e9quence Wide Graph: Si le d\u00e9codage simple est coch\u00e9, les commandes F Low et F High et les marqueurs verts <> disparaissent, et le d\u00e9codage n&rsquo;a lieu que dans la plage RxFreq \u00b1 FTol Pour FST4W, la fr\u00e9quence Rx par d\u00e9faut est de 1500 Hz et F Tol est de 100 Hz, donc la plage de d\u00e9codage active est la m\u00eame que pour WSPR, de 1400 \u00e0 1600 Hz. Cependant, vous pouvez s\u00e9lectionner diff\u00e9rentes fr\u00e9quences centrales et valeurs F Tol pour vous conformer aux conventions de fonctionnement sur les bandes LF et MF.<\/p>\n<p style=\"text-align: center;\"><img loading=\"lazy\" decoding=\"async\" class=\"aligncenter wp-image-99778 size-medium\" src=\"https:\/\/www.on4cn.be\/blog_radio\/wp-content\/uploads\/2020\/09\/FST4-3.png\" alt=\"\" width=\"700\" height=\"100\"><\/p>\n<p>Un nouveau contr\u00f4le d\u00e9roulant sous F Tol offre un mode round-robin pour la programmation des transmissions FST4W:<\/p>\n<p style=\"text-align: center;\"><img loading=\"lazy\" decoding=\"async\" class=\"aligncenter wp-image-99778 size-medium\" src=\"https:\/\/www.on4cn.be\/blog_radio\/wp-content\/uploads\/2020\/09\/FST4-2.png\" alt=\"\" width=\"500\" height=\"300\"><\/p>\n<p>Un nouveau contr\u00f4le d\u00e9roulant sous F Tol offre un mode round-robin pour la programmation des transmissions FST4W: si trois op\u00e9rateurs conviennent \u00e0 l&rsquo;avance de s\u00e9lectionner les<br \/>\noptions 1\/3, 2\/3 et 3\/3, par exemple, leurs transmissions FST4W se produisent dans une s\u00e9quence fixe sans que deux stations \u00e9mettent simultan\u00e9ment. La s\u00e9quence 1 est la premi\u00e8re<br \/>\ns\u00e9quence apr\u00e8s 00h00 UTC. Pour un comportement de planification de type WSPR, vous devez s\u00e9lectionner Al\u00e9atoire avec ce contr\u00f4le.<\/p>\n<p>Pour voir les fr\u00e9quences FST4 et FST4W par d\u00e9faut actuellement sugg\u00e9r\u00e9es dans le contr\u00f4le de changement de bande d\u00e9roulant, vous devez effectuer une r\u00e9initialisation unique.<br \/>\nAllez dans Fichier \u2192 Param\u00e8tres \u2192 Fr\u00e9quences, puis cliquez avec le bouton droit de la souris sur le tableau des fr\u00e9quences de travail et s\u00e9lectionnez R\u00e9initialiser.<\/p>\n<p>La suppression de bruit en option est disponible et s&rsquo;est av\u00e9r\u00e9e efficace pour g\u00e9rer le bruit atmosph\u00e9rique sur les bandes LF et MF. Une commande rotative \u00e9tiquet\u00e9e NB nn% est<br \/>\nsitu\u00e9e sur la fen\u00eatre principale FST4 et FST4W, juste en dessous de la commande de changement de bande. D\u00e9finissez ce contr\u00f4le sur un pourcentage sugg\u00e9r\u00e9 d&rsquo;\u00e9chantillons de donn\u00e9es<br \/>\n\u00e0 effacer. Nous avons constat\u00e9 que des niveaux de l&rsquo;ordre de 5 \u00e0 15% fonctionnent bien dans des conditions estivales sur les bandes LF \/ MF, mais vous voudrez probablement<br \/>\nexp\u00e9rimenter. Les donn\u00e9es affich\u00e9es sur la cascade et enregistr\u00e9es dans des fichiers .wav n&rsquo;ont pas de suppression de bruit, vous pouvez donc exp\u00e9rimenter apr\u00e8s coup.<\/p>\n<p>Une fonction exp\u00e9rimentale utilise des param\u00e8tres n\u00e9gatifs de NB pour d\u00e9clencher une approche \u00abtout essayer\u00bb de la suppression du bruit: -1% provoque le d\u00e9codeur essaie de<br \/>\nsupprimer 0, 5, 10, 15 et 20%, et -2% essaie 0, 2, 4, &#8230;, 20% .En mode FST4, les essais avec des pourcentages de suppression diff\u00e9rents de z\u00e9ro ne sont actifs que dans la fr\u00e9quence<br \/>\ngamme RxFreq \u00b1 FTol. Les r\u00e9glages n\u00e9gatifs de NB peuvent \u00eatre tr\u00e8s efficaces, mais ralentiront consid\u00e9rablement la proc\u00e9dure de d\u00e9codage.<\/p>\n<p>\u00c0 titre d&rsquo;exemple des capacit\u00e9s des nouveaux modes, la capture d&rsquo;\u00e9cran de la page suivante montre les signaux FST4W-300 re\u00e7us sur la bande de 2200 m \u00e0 NO3M (localisateur EN91WR)<br \/>\nle 9 septembre 2020. Les distances concern\u00e9es sont de 3501 km jusqu&rsquo;\u00e0 N6LF et 14,976 km jusqu&rsquo;\u00e0 VK4YB. Les nombres \u00e0 la fin de chaque ligne d\u00e9cod\u00e9e sont mesur\u00e9s sur le trajet Doppler<br \/>\n\u00e9tal\u00e9 en Hz. (Pour activer cette fonction, cr\u00e9ez un fichier nomm\u00e9 plotspec dans le r\u00e9pertoire de travail actuel et d\u00e9marrez WSJT-X \u00e0 partir de la ligne de commande.) En r\u00e8gle<br \/>\ng\u00e9n\u00e9rale, le d\u00e9codage n\u00e9cessite des \u00e9talements Doppler inf\u00e9rieurs \u00e0 l&rsquo;espacement des tons du sous-mode. La sensibilit\u00e9 est meilleure lorsque la diffusion Doppler ne d\u00e9passe pas<br \/>\n1\/8 de l&rsquo;espacement des tons.<\/p>\n<p style=\"text-align: center;\"><img loading=\"lazy\" decoding=\"async\" class=\"aligncenter wp-image-99778 size-medium\" src=\"https:\/\/www.on4cn.be\/blog_radio\/wp-content\/uploads\/2020\/09\/FST4-5.png\" alt=\"\" width=\"900\" height=\"600\"><\/p>\n<p><b>L&rsquo;annexe A<\/b> : Formats de message pour le codage FST4 et FST4W<\/p>\n<p> Source des messages FST4 est d\u00e9crit dans la r\u00e9f\u00e9rence [1]. Tous les messages sont cod\u00e9s dans une charge utile de 77 bits. Pour \u00e9viter de transmettre une longue cha\u00eene de z\u00e9ros<br \/>\nlors de l&rsquo;envoi de messages CQ, le message 77 bits assembl\u00e9 est un OU exclusif au niveau du bit avec la s\u00e9quence pseudo-al\u00e9atoire suivante avant de calculer les bits de parit\u00e9 CRC<br \/>\net FEC parity bits0:<br \/> <br \/>\n010010100101111010001001101101001011000010001010011110010101011011111000101<\/p>\n<p>Le logiciel r\u00e9cepteur applique cette proc\u00e9dure OU exclusif une seconde fois, pour restaurer la charge utile 77 bits d&rsquo;origine<\/p>\n<p>Un contr\u00f4le de redondance cyclique (CRC) de 24 bits est calcul\u00e9 \u00e0 partir de et ajout\u00e9 \u00e0 chaque paquet d&rsquo;informations de 77 bits pour cr\u00e9er un mot de message plus CRC de 101 bits.<br \/>\nL&rsquo;algorithme CRC utilise le polyn\u00f4me 0x100065b (hexad\u00e9cimal) et une valeur initiale de z\u00e9ro.<\/p>\n<p>La correction d&rsquo;erreur directe est effectu\u00e9e \u00e0 l&rsquo;aide d&rsquo;un code LDPC (240,101). La matrice du g\u00e9n\u00e9rateur a 139 lignes et 101 colonnes. Il est d\u00e9fini dans le fichier<br \/>\ngenerator_fst4.dat. Les valeurs diff\u00e9rentes de z\u00e9ro dans la ligne i de la matrice sp\u00e9cifient lesquels des 101 bits de message plus CRC doivent \u00eatre additionn\u00e9s, modulo 2, pour<br \/>\nproduire le i\u00e8me bit de contr\u00f4le de parit\u00e9. Les 139 bits de parit\u00e9 sont ajout\u00e9s aux 101 bits de message plus CRC pour cr\u00e9er un mot de code de 240 bits.<\/p>\n<p>Les paires de bits de mots de code sont mapp\u00e9es sur des indices de tonalit\u00e9 avec des valeurs comprises entre 0 et 3 en utilisant le codage Gray donn\u00e9 dans la troisi\u00e8me colonne<br \/>\ndu tableau 3, dans la r\u00e9f\u00e9rence [1]. La s\u00e9quence r\u00e9sultante de 120 symboles de canal, an, n = 0, 1, 2, &#8230;, 119 est divis\u00e9e en 4 groupes:<\/p>\n<ul>\n<li>MA={a0, a1, &#8230;, a29}<\/li>\n<li>MB={a30, a31, &#8230;, a59}<\/li>\n<li>MC={a60, a61, &#8230;, a89}<\/li>\n<li>MD={a90, a91, &#8230;, a119}<\/li>\n<\/ul>\n<p>La synchronisation est r\u00e9alis\u00e9e en incorporant cinq mots de synchronisation \u00e0 8 symboles dans la trame transmise. Les mots de synchronisation sont d\u00e9finis comme suit:<\/p>\n<ul>\n<li>S1={0, 1, 3, 2, 1, 0, 2, 3}<\/li>\n<li>S2={2, 3, 1, 0, 3, 2, 0, 1}.<\/li>\n<\/ul>\n<p>L&rsquo;ensemble complet de 160 symboles de canal est assembl\u00e9 comme s\u00e9quence<\/p>\n<ul>\n<li>bn = {S1, MA, S2, MB, S1, MC, S2, MD, S1}.<\/li>\n<\/ul>\n<p>Le codage source des messages FST4W est d\u00e9crit dans la r\u00e9f\u00e9rence [2]. Tous les messages sont cod\u00e9s dans une charge utile de 50 bits. Un contr\u00f4le de redondance cyclique (CRC)<br \/>\nde 24 bits est calcul\u00e9 \u00e0 partir de et ajout\u00e9 \u00e0 chaque paquet d&rsquo;informations de 50 bits pour cr\u00e9er un mot de message plus CRC de 74 bits. L&rsquo;algorithme CRC utilise le polyn\u00f4me<br \/>\n0x100065b (hexad\u00e9cimal) et une valeur initiale de z\u00e9ro.<\/p>\n<p>La correction d&rsquo;erreur directe est effectu\u00e9e en utilisant un code LDPC (240,74). La matrice g\u00e9n\u00e9ratrice comporte 166 lignes et 74 colonnes. Il est d\u00e9fini dans le fichier<br \/>\ngenerator_fst4w.dat. Les valeurs diff\u00e9rentes de z\u00e9ro dans la ligne i de la matrice sp\u00e9cifient lesquels des 74 bits de message plus CRC doivent \u00eatre additionn\u00e9s, modulo 2, pour<br \/>\nproduire le i\u00e8me bit de contr\u00f4le de parit\u00e9. Les 166 bits de parit\u00e9 sont ajout\u00e9s aux 74 bits de message plus CRC pour cr\u00e9er un mot de code de 240 bits.<\/p>\n<p>Le mot de code de 240 bits est mapp\u00e9 sur 160 symboles de canal en utilisant la proc\u00e9dure d\u00e9crite ci-dessus pour FST4.<\/p>\n<p><b>R\u00e9f\u00e9rences :<\/b><\/p>\n<ul>\n<li>[1] Steve Franke, K9AN, Bill Somerville, G4WJS, Joe Taylor, K1JT \u00abThe FT4 and FT8 Communications Protocols\u00bb, QEX, juillet \/ ao\u00fbt 2020, pp. 7-17.<\/li>\n<li>[2] Steve Franke, K9AN, Bill Somerville, G4WJS, Joe Taylor, K1JT, en pr\u00e9paration.<\/li>\n<\/ul>\n<p><\/center><\/p>\n<p style=\"text-align: center;\"><img loading=\"lazy\" decoding=\"async\" class=\"aligncenter wp-image-99778 size-medium\" src=\"https:\/\/www.on4cn.be\/blog_radio\/wp-content\/uploads\/2020\/09\/FST4-2.png\" alt=\"\" width=\"500\" height=\"300\"><\/p><\/p>\n","protected":false},"excerpt":{"rendered":"<p>Quick-Start Guide to FST4 and FST4W Bonjour \u00e0 tous, Version traduite en Fran\u00e7ais via Google Translate Guide de d\u00e9marrage rapide de FST4 et FST4W Steve Franke, K9AN; Bill Somerville, G4WJS; et Joe Taylor, K1JT WSJT-X 2.3.0 introduit FST4 et FST4W, des protocoles num\u00e9riques sp\u00e9cialement con\u00e7us pour les bandes LF et MF. Sur ces bandes, leurs &hellip; <a href=\"http:\/\/www.on4cn.be\/blog_radio\/fst4-et-fst4w\/\" class=\"more-link\">Continuer la lecture<span class=\"screen-reader-text\"> de &laquo;&nbsp;FST4 et FST4W&nbsp;&raquo;<\/span><\/a><\/p>\n","protected":false},"author":1,"featured_media":0,"parent":0,"menu_order":0,"comment_status":"closed","ping_status":"closed","template":"page-disable-sidebar.php","meta":{"footnotes":""},"class_list":["post-11218","page","type-page","status-publish","hentry"],"_links":{"self":[{"href":"http:\/\/www.on4cn.be\/blog_radio\/wp-json\/wp\/v2\/pages\/11218","targetHints":{"allow":["GET"]}}],"collection":[{"href":"http:\/\/www.on4cn.be\/blog_radio\/wp-json\/wp\/v2\/pages"}],"about":[{"href":"http:\/\/www.on4cn.be\/blog_radio\/wp-json\/wp\/v2\/types\/page"}],"author":[{"embeddable":true,"href":"http:\/\/www.on4cn.be\/blog_radio\/wp-json\/wp\/v2\/users\/1"}],"replies":[{"embeddable":true,"href":"http:\/\/www.on4cn.be\/blog_radio\/wp-json\/wp\/v2\/comments?post=11218"}],"version-history":[{"count":0,"href":"http:\/\/www.on4cn.be\/blog_radio\/wp-json\/wp\/v2\/pages\/11218\/revisions"}],"wp:attachment":[{"href":"http:\/\/www.on4cn.be\/blog_radio\/wp-json\/wp\/v2\/media?parent=11218"}],"curies":[{"name":"wp","href":"https:\/\/api.w.org\/{rel}","templated":true}]}}